CRAN Package Check Results for Package minqa

Last updated on 2020-04-25 01:53:07 CEST.

Flavor Version Tinstall Tcheck Ttotal Status Flags
r-devel-linux-x86_64-debian-clang 1.2.4 19.46 26.61 46.07 OK
r-devel-linux-x86_64-debian-gcc 1.2.4 13.31 21.14 34.45 OK
r-devel-linux-x86_64-fedora-clang 1.2.4 60.66 OK
r-devel-linux-x86_64-fedora-gcc 1.2.4 59.60 OK
r-devel-windows-ix86+x86_64 1.2.4 2.00 5.00 7.00 ERROR
r-patched-linux-x86_64 1.2.4 16.86 26.55 43.41 OK
r-patched-osx-x86_64 1.2.4 OK
r-patched-solaris-x86 1.2.4 74.70 OK
r-release-linux-x86_64 1.2.4 15.85 24.47 40.32 OK
r-release-windows-ix86+x86_64 1.2.4 67.00 57.00 124.00 OK
r-release-osx-x86_64 1.2.4 OK
r-oldrel-windows-ix86+x86_64 1.2.4 47.00 76.00 123.00 OK
r-oldrel-osx-x86_64 1.2.4 OK

Additional issues

rchk

Check Details

Version: 1.2.4
Check: whether package can be installed
Result: ERROR
    Installation failed.
Flavor: r-devel-windows-ix86+x86_64