CRAN Package Check Results for Package minpack.lm

Last updated on 2020-04-25 01:53:07 CEST.

Flavor Version Tinstall Tcheck Ttotal Status Flags
r-devel-linux-x86_64-debian-clang 1.2-1 5.49 20.96 26.45 OK
r-devel-linux-x86_64-debian-gcc 1.2-1 3.93 16.98 20.91 OK
r-devel-linux-x86_64-fedora-clang 1.2-1 34.45 NOTE
r-devel-linux-x86_64-fedora-gcc 1.2-1 33.52 NOTE
r-devel-windows-ix86+x86_64 1.2-1 31.00 43.00 74.00 OK
r-patched-linux-x86_64 1.2-1 5.25 20.86 26.11 OK
r-patched-osx-x86_64 1.2-1 OK
r-patched-solaris-x86 1.2-1 53.00 OK
r-release-linux-x86_64 1.2-1 4.29 19.66 23.95 OK
r-release-windows-ix86+x86_64 1.2-1 44.00 39.00 83.00 OK
r-release-osx-x86_64 1.2-1 OK
r-oldrel-windows-ix86+x86_64 1.2-1 47.00 50.00 97.00 OK
r-oldrel-osx-x86_64 1.2-1 OK

Check Details

Version: 1.2-1
Check: compiled code
Result: NOTE
    File ‘minpack.lm/libs/minpack.lm.so’:
     Found no calls to: ‘R_registerRoutines’, ‘R_useDynamicSymbols’
    
    It is good practice to register native routines and to disable symbol
    search.
    
    See ‘Writing portable packages’ in the ‘Writing R Extensions’ manual.
Flavors: r-devel-linux-x86_64-fedora-clang, r-devel-linux-x86_64-fedora-gcc