CRAN Package Check Results for Package miniMeta

Last updated on 2020-04-25 01:53:07 CEST.

Flavor Version Tinstall Tcheck Ttotal Status Flags
r-devel-linux-x86_64-debian-clang 0.2 11.03 88.76 99.79 OK
r-devel-linux-x86_64-debian-gcc 0.2 10.66 70.48 81.14 OK
r-devel-linux-x86_64-fedora-clang 0.2 123.51 NOTE
r-devel-linux-x86_64-fedora-gcc 0.2 123.73 NOTE
r-devel-windows-ix86+x86_64 0.2 36.00 107.00 143.00 OK
r-patched-linux-x86_64 0.2 11.04 87.03 98.07 OK
r-patched-osx-x86_64 0.2 WARN
r-patched-solaris-x86 0.2 177.70 NOTE
r-release-linux-x86_64 0.2 9.23 78.97 88.20 OK
r-release-windows-ix86+x86_64 0.2 27.00 91.00 118.00 OK
r-release-osx-x86_64 0.2 NOTE
r-oldrel-windows-ix86+x86_64 0.2 11.00 125.00 136.00 OK
r-oldrel-osx-x86_64 0.2 NOTE

Check Details

Version: 0.2
Check: dependencies in R code
Result: NOTE
    Namespaces in Imports field not imported from:
     ‘markdown’ ‘metafor’
     All declared Imports should be used.
Flavors: r-devel-linux-x86_64-fedora-clang, r-devel-linux-x86_64-fedora-gcc, r-patched-osx-x86_64, r-patched-solaris-x86, r-release-osx-x86_64, r-oldrel-osx-x86_64

Version: 0.2
Check: re-building of vignette outputs
Result: WARN
    Error(s) in re-building vignettes:
     ...
    --- re-building ‘miniMeta_manual.Rmd’ using rmarkdown
    dyld: lazy symbol binding failed: Symbol not found: ____chkstk_darwin
     Referenced from: /usr/local/bin/pandoc (which was built for Mac OS X 10.15)
     Expected in: /usr/lib/libSystem.B.dylib
    
    dyld: Symbol not found: ____chkstk_darwin
     Referenced from: /usr/local/bin/pandoc (which was built for Mac OS X 10.15)
     Expected in: /usr/lib/libSystem.B.dylib
    
    Error: processing vignette 'miniMeta_manual.Rmd' failed with diagnostics:
    pandoc document conversion failed with error 6
    --- failed re-building ‘miniMeta_manual.Rmd’
    
    SUMMARY: processing the following file failed:
     ‘miniMeta_manual.Rmd’
    
    Error: Vignette re-building failed.
    Execution halted
Flavor: r-patched-osx-x86_64