CRAN Package Check Results for Package miniCRAN

Last updated on 2020-04-25 01:53:07 CEST.

Flavor Version Tinstall Tcheck Ttotal Status Flags
r-devel-linux-x86_64-debian-clang 0.2.12 4.33 77.90 82.23 OK
r-devel-linux-x86_64-debian-gcc 0.2.12 3.97 59.06 63.03 OK
r-devel-linux-x86_64-fedora-clang 0.2.12 98.61 OK
r-devel-linux-x86_64-fedora-gcc 0.2.12 147.60 OK
r-devel-windows-ix86+x86_64 0.2.12 11.00 92.00 103.00 OK
r-patched-linux-x86_64 0.2.12 4.91 74.39 79.30 OK
r-patched-osx-x86_64 0.2.12 WARN
r-patched-solaris-x86 0.2.12 142.50 OK
r-release-linux-x86_64 0.2.12 4.28 69.97 74.25 OK
r-release-windows-ix86+x86_64 0.2.12 10.00 117.00 127.00 OK
r-release-osx-x86_64 0.2.12 OK
r-oldrel-windows-ix86+x86_64 0.2.12 5.00 86.00 91.00 OK
r-oldrel-osx-x86_64 0.2.12 OK

Check Details

Version: 0.2.12
Check: re-building of vignette outputs
Result: WARN
    Error(s) in re-building vignettes:
    --- re-building ‘miniCRAN-dependency-graph.rmd’ using rmarkdown
    dyld: lazy symbol binding failed: Symbol not found: ____chkstk_darwin
     Referenced from: /usr/local/bin/pandoc (which was built for Mac OS X 10.15)
     Expected in: /usr/lib/libSystem.B.dylib
    
    dyld: Symbol not found: ____chkstk_darwin
     Referenced from: /usr/local/bin/pandoc (which was built for Mac OS X 10.15)
     Expected in: /usr/lib/libSystem.B.dylib
    
    Error: processing vignette 'miniCRAN-dependency-graph.rmd' failed with diagnostics:
    pandoc document conversion failed with error 6
    --- failed re-building ‘miniCRAN-dependency-graph.rmd’
    
    --- re-building ‘miniCRAN-introduction.rmd’ using rmarkdown
    dyld: lazy symbol binding failed: Symbol not found: ____chkstk_darwin
     Referenced from: /usr/local/bin/pandoc (which was built for Mac OS X 10.15)
     Expected in: /usr/lib/libSystem.B.dylib
    
    dyld: Symbol not found: ____chkstk_darwin
     Referenced from: /usr/local/bin/pandoc (which was built for Mac OS X 10.15)
     Expected in: /usr/lib/libSystem.B.dylib
    
    Error: processing vignette 'miniCRAN-introduction.rmd' failed with diagnostics:
    pandoc document conversion failed with error 6
    --- failed re-building ‘miniCRAN-introduction.rmd’
    
    --- re-building ‘miniCRAN-non-CRAN-repos.rmd’ using rmarkdown
    dyld: lazy symbol binding failed: Symbol not found: ____chkstk_darwin
     Referenced from: /usr/local/bin/pandoc (which was built for Mac OS X 10.15)
     Expected in: /usr/lib/libSystem.B.dylib
    
    dyld: Symbol not found: ____chkstk_darwin
     Referenced from: /usr/local/bin/pandoc (which was built for Mac OS X 10.15)
     Expected in: /usr/lib/libSystem.B.dylib
    
    Error: processing vignette 'miniCRAN-non-CRAN-repos.rmd' failed with diagnostics:
    pandoc document conversion failed with error 6
    --- failed re-building ‘miniCRAN-non-CRAN-repos.rmd’
    
    SUMMARY: processing the following files failed:
     ‘miniCRAN-dependency-graph.rmd’ ‘miniCRAN-introduction.rmd’
     ‘miniCRAN-non-CRAN-repos.rmd’
    
    Error: Vignette re-building failed.
    Execution halted
Flavor: r-patched-osx-x86_64