Last updated on 2020-04-25 01:53:07 CEST.
Flavor | Version | Tinstall | Tcheck | Ttotal | Status | Flags |
---|---|---|---|---|---|---|
r-devel-linux-x86_64-debian-clang | 1.0-2 | 70.80 | 28.19 | 98.99 | OK | |
r-devel-linux-x86_64-debian-gcc | 1.0-2 | 50.61 | 23.53 | 74.14 | OK | |
r-devel-linux-x86_64-fedora-clang | 1.0-2 | 138.71 | NOTE | |||
r-devel-linux-x86_64-fedora-gcc | 1.0-2 | 135.03 | OK | |||
r-devel-windows-ix86+x86_64 | 1.0-2 | 160.00 | 70.00 | 230.00 | OK | |
r-patched-linux-x86_64 | 1.0-2 | 58.42 | 29.34 | 87.76 | OK | |
r-patched-osx-x86_64 | 1.0-2 | NOTE | ||||
r-patched-solaris-x86 | 1.0-2 | 122.40 | OK | |||
r-release-linux-x86_64 | 1.0-2 | 62.44 | 27.47 | 89.91 | OK | |
r-release-windows-ix86+x86_64 | 1.0-2 | 138.00 | 63.00 | 201.00 | OK | |
r-release-osx-x86_64 | 1.0-2 | NOTE | ||||
r-oldrel-windows-ix86+x86_64 | 1.0-2 | 101.00 | 83.00 | 184.00 | OK | |
r-oldrel-osx-x86_64 | 1.0-2 | NOTE |
Version: 1.0-2
Check: installed package size
Result: NOTE
installed size is 20.9Mb
sub-directories of 1Mb or more:
libs 20.8Mb
Flavors: r-devel-linux-x86_64-fedora-clang, r-patched-osx-x86_64, r-release-osx-x86_64, r-oldrel-osx-x86_64