CRAN Package Check Results for Package miceRanger

Last updated on 2020-04-25 01:53:07 CEST.

Flavor Version Tinstall Tcheck Ttotal Status Flags
r-devel-linux-x86_64-debian-clang 1.3.5 13.50 111.86 125.36 OK
r-devel-linux-x86_64-debian-gcc 1.3.5 9.95 79.91 89.86 OK
r-devel-linux-x86_64-fedora-clang 1.3.5 144.48 OK
r-devel-linux-x86_64-fedora-gcc 1.3.5 140.52 OK
r-devel-windows-ix86+x86_64 1.3.5 48.00 115.00 163.00 OK
r-patched-linux-x86_64 1.3.5 13.15 98.18 111.33 OK
r-patched-osx-x86_64 1.3.5 WARN
r-patched-solaris-x86 1.3.5 213.20 OK
r-release-linux-x86_64 1.3.5 6.80 93.25 100.05 OK
r-release-windows-ix86+x86_64 1.3.5 31.00 104.00 135.00 OK
r-release-osx-x86_64 1.3.5 OK
r-oldrel-windows-ix86+x86_64 1.3.5 14.00 132.00 146.00 OK
r-oldrel-osx-x86_64 1.3.4 OK

Check Details

Version: 1.3.5
Check: re-building of vignette outputs
Result: WARN
    Error(s) in re-building vignettes:
    --- re-building ‘diagnosticPlotting.Rmd’ using rmarkdown
    dyld: lazy symbol binding failed: Symbol not found: ____chkstk_darwin
     Referenced from: /usr/local/bin/pandoc (which was built for Mac OS X 10.15)
     Expected in: /usr/lib/libSystem.B.dylib
    
    dyld: Symbol not found: ____chkstk_darwin
     Referenced from: /usr/local/bin/pandoc (which was built for Mac OS X 10.15)
     Expected in: /usr/lib/libSystem.B.dylib
    
    Error: processing vignette 'diagnosticPlotting.Rmd' failed with diagnostics:
    pandoc document conversion failed with error 6
    --- failed re-building ‘diagnosticPlotting.Rmd’
    
    --- re-building ‘miceAlgorithm.Rmd’ using rmarkdown
    dyld: lazy symbol binding failed: Symbol not found: ____chkstk_darwin
     Referenced from: /usr/local/bin/pandoc (which was built for Mac OS X 10.15)
     Expected in: /usr/lib/libSystem.B.dylib
    
    dyld: Symbol not found: ____chkstk_darwin
     Referenced from: /usr/local/bin/pandoc (which was built for Mac OS X 10.15)
     Expected in: /usr/lib/libSystem.B.dylib
    
    Error: processing vignette 'miceAlgorithm.Rmd' failed with diagnostics:
    pandoc document conversion failed with error 6
    --- failed re-building ‘miceAlgorithm.Rmd’
    
    --- re-building ‘usingMiceRanger.Rmd’ using rmarkdown
    dyld: lazy symbol binding failed: Symbol not found: ____chkstk_darwin
     Referenced from: /usr/local/bin/pandoc (which was built for Mac OS X 10.15)
     Expected in: /usr/lib/libSystem.B.dylib
    
    dyld: Symbol not found: ____chkstk_darwin
     Referenced from: /usr/local/bin/pandoc (which was built for Mac OS X 10.15)
     Expected in: /usr/lib/libSystem.B.dylib
    
    Error: processing vignette 'usingMiceRanger.Rmd' failed with diagnostics:
    pandoc document conversion failed with error 6
    --- failed re-building ‘usingMiceRanger.Rmd’
    
    SUMMARY: processing the following files failed:
     ‘diagnosticPlotting.Rmd’ ‘miceAlgorithm.Rmd’ ‘usingMiceRanger.Rmd’
    
    Error: Vignette re-building failed.
    Execution halted
Flavor: r-patched-osx-x86_64