CRAN Package Check Results for Package miRNAss

Last updated on 2020-04-25 01:53:07 CEST.

Flavor Version Tinstall Tcheck Ttotal Status Flags
r-devel-linux-x86_64-debian-clang 1.4 36.62 67.99 104.61 NOTE
r-devel-linux-x86_64-debian-gcc 1.4 22.69 54.05 76.74 NOTE
r-devel-linux-x86_64-fedora-clang 1.4 140.64 NOTE
r-devel-linux-x86_64-fedora-gcc 1.4 130.07 NOTE
r-devel-windows-ix86+x86_64 1.4 97.00 111.00 208.00 OK
r-patched-linux-x86_64 1.4 28.48 66.14 94.62 NOTE
r-patched-osx-x86_64 1.4 OK
r-patched-solaris-x86 1.4 180.40 OK
r-release-linux-x86_64 1.4 27.92 61.54 89.46 NOTE
r-release-windows-ix86+x86_64 1.4 99.00 110.00 209.00 OK
r-release-osx-x86_64 1.4 OK
r-oldrel-windows-ix86+x86_64 1.4 55.00 146.00 201.00 OK
r-oldrel-osx-x86_64 1.4 OK

Check Details

Version: 1.4
Check: use of SHLIB_OPENMP_*FLAGS in Makefiles
Result: NOTE
     src/Makevars: SHLIB_OPENMP_CXXFLAGS is included in PKG_CXXFLAGS but not in PKG_LIBS
     src/Makevars: SHLIB_OPENMP_CFLAGS is included in PKG_LIBS but linking is by C++
    Use of these macros is discussed in sect 1.2.1.1 of 'Writing R
    Extensions'. The macros for different languages may differ so the
    matching macro must be used in PKG_CXXFLAGS (etc) and match that used
    in PKG_LIBS (except for Fortran: see the manual).
Flavors: r-devel-linux-x86_64-debian-clang, r-devel-linux-x86_64-debian-gcc, r-devel-linux-x86_64-fedora-clang, r-devel-linux-x86_64-fedora-gcc, r-patched-linux-x86_64, r-release-linux-x86_64