CRAN Package Check Results for Package mfdb

Last updated on 2020-04-25 01:53:07 CEST.

Flavor Version Tinstall Tcheck Ttotal Status Flags
r-devel-linux-x86_64-debian-clang 6.2-0 6.39 58.36 64.75 OK
r-devel-linux-x86_64-debian-gcc 6.2-0 5.39 45.58 50.97 OK
r-devel-linux-x86_64-fedora-clang 6.2-0 81.29 OK
r-devel-linux-x86_64-fedora-gcc 6.2-0 78.33 OK
r-devel-windows-ix86+x86_64 6.2-0 16.00 66.00 82.00 OK
r-patched-linux-x86_64 6.2-0 5.75 57.44 63.19 OK
r-patched-osx-x86_64 6.2-0 OK
r-patched-solaris-x86 6.2-0 108.30 OK
r-release-linux-x86_64 6.2-0 5.47 52.34 57.81 OK
r-release-windows-ix86+x86_64 6.2-0 13.00 64.00 77.00 OK
r-release-osx-x86_64 6.2-0 OK
r-oldrel-windows-ix86+x86_64 6.2-0 7.00 69.00 76.00 WARN

Check Details

Version: 6.2-0
Check: whether package can be installed
Result: WARN
    Found the following significant warnings:
     Note: possible error in 'set.seed(seed, kind = "Mersenne-Twister", ': unused argument (sample.kind = "Rounding")
    See 'd:/Rcompile/CRANpkg/local/3.5/mfdb.Rcheck/00install.out' for details.
    Information on the location(s) of code generating the 'Note's can be
    obtained by re-running with environment variable R_KEEP_PKG_SOURCE set
    to 'yes'.
Flavor: r-oldrel-windows-ix86+x86_64

Version: 6.2-0
Check: R code for possible problems
Result: NOTE
    mfdb_bootstrap_group: possible error in set.seed(seed, kind =
     "Mersenne-Twister", normal.kind = "Inversion", sample.kind =
     "Rounding"): unused argument (sample.kind = "Rounding")
Flavor: r-oldrel-windows-ix86+x86_64