CRAN Package Check Results for Package metaBMA

Last updated on 2020-04-25 01:53:07 CEST.

Flavor Version Tinstall Tcheck Ttotal Status Flags
r-devel-linux-x86_64-debian-clang 0.6.2 828.76 344.13 1172.89 NOTE
r-devel-linux-x86_64-debian-gcc 0.6.2 750.83 267.26 1018.09 NOTE
r-devel-linux-x86_64-fedora-clang 0.6.2 1548.95 NOTE
r-devel-linux-x86_64-fedora-gcc 0.6.2 1792.73 NOTE
r-devel-windows-ix86+x86_64 0.6.2 1906.00 530.00 2436.00 NOTE
r-patched-linux-x86_64 0.6.2 746.80 360.43 1107.23 NOTE
r-patched-osx-x86_64 0.6.2 WARN
r-patched-solaris-x86 0.6.2 1506.20 NOTE
r-release-linux-x86_64 0.6.2 654.19 316.43 970.62 NOTE
r-release-windows-ix86+x86_64 0.6.2 1778.00 505.00 2283.00 NOTE
r-release-osx-x86_64 0.6.2 NOTE
r-oldrel-windows-ix86+x86_64 0.6.2 1284.00 685.00 1969.00 NOTE
r-oldrel-osx-x86_64 0.6.2 NOTE

Check Details

Version: 0.6.2
Check: for GNU extensions in Makefiles
Result: NOTE
    GNU make is a SystemRequirements.
Flavors: r-devel-linux-x86_64-debian-clang, r-devel-linux-x86_64-debian-gcc, r-devel-linux-x86_64-fedora-clang, r-devel-linux-x86_64-fedora-gcc, r-devel-windows-ix86+x86_64, r-patched-linux-x86_64, r-patched-osx-x86_64, r-patched-solaris-x86, r-release-linux-x86_64, r-release-windows-ix86+x86_64, r-release-osx-x86_64, r-oldrel-windows-ix86+x86_64, r-oldrel-osx-x86_64

Version: 0.6.2
Check: installed package size
Result: NOTE
     installed size is 123.4Mb
     sub-directories of 1Mb or more:
     libs 122.8Mb
Flavors: r-devel-linux-x86_64-fedora-clang, r-devel-windows-ix86+x86_64, r-patched-osx-x86_64, r-patched-solaris-x86, r-release-windows-ix86+x86_64, r-release-osx-x86_64, r-oldrel-windows-ix86+x86_64, r-oldrel-osx-x86_64

Version: 0.6.2
Check: re-building of vignette outputs
Result: WARN
    Error(s) in re-building vignettes:
     ...
    --- re-building ‘metaBMA.Rmd’ using rmarkdown
    dyld: lazy symbol binding failed: Symbol not found: ____chkstk_darwin
     Referenced from: /usr/local/bin/pandoc (which was built for Mac OS X 10.15)
     Expected in: /usr/lib/libSystem.B.dylib
    
    dyld: Symbol not found: ____chkstk_darwin
     Referenced from: /usr/local/bin/pandoc (which was built for Mac OS X 10.15)
     Expected in: /usr/lib/libSystem.B.dylib
    
    Error: processing vignette 'metaBMA.Rmd' failed with diagnostics:
    pandoc document conversion failed with error 6
    --- failed re-building ‘metaBMA.Rmd’
    
    SUMMARY: processing the following file failed:
     ‘metaBMA.Rmd’
    
    Error: Vignette re-building failed.
    Execution halted
Flavor: r-patched-osx-x86_64