CRAN Package Check Results for Package meta4diag

Last updated on 2020-04-25 01:53:07 CEST.

Flavor Version Tinstall Tcheck Ttotal Status Flags
r-devel-linux-x86_64-debian-clang 2.0.8 13.53 73.70 87.23 NOTE
r-devel-linux-x86_64-debian-gcc 2.0.8 11.24 56.82 68.06 NOTE
r-devel-linux-x86_64-fedora-clang 2.0.8 106.58 OK
r-devel-linux-x86_64-fedora-gcc 2.0.8 108.98 OK
r-devel-windows-ix86+x86_64 2.0.8 32.00 74.00 106.00 OK
r-patched-linux-x86_64 2.0.8 12.81 72.23 85.04 NOTE
r-patched-osx-x86_64 2.0.8 NOTE
r-patched-solaris-x86 2.0.8 136.90 NOTE
r-release-linux-x86_64 2.0.8 10.07 63.52 73.59 NOTE
r-release-windows-ix86+x86_64 2.0.8 30.00 73.00 103.00 OK
r-release-osx-x86_64 2.0.8 NOTE
r-oldrel-windows-ix86+x86_64 2.0.8 15.00 106.00 121.00 OK
r-oldrel-osx-x86_64 2.0.8 NOTE

Check Details

Version: 2.0.8
Check: package dependencies
Result: NOTE
    Package suggested but not available for checking: 'INLA'
Flavors: r-devel-linux-x86_64-debian-clang, r-devel-linux-x86_64-debian-gcc, r-patched-linux-x86_64, r-patched-osx-x86_64, r-patched-solaris-x86, r-release-linux-x86_64, r-release-osx-x86_64, r-oldrel-osx-x86_64