CRAN Package Check Results for Package metScanR

Last updated on 2020-04-25 01:53:07 CEST.

Flavor Version Tinstall Tcheck Ttotal Status Flags
r-devel-linux-x86_64-debian-clang 1.2.3 4.97 50.25 55.22 OK
r-devel-linux-x86_64-debian-gcc 1.2.3 4.22 40.23 44.45 OK
r-devel-linux-x86_64-fedora-clang 1.2.3 66.09 NOTE
r-devel-linux-x86_64-fedora-gcc 1.2.3 67.39 NOTE
r-devel-windows-ix86+x86_64 1.2.3 22.00 56.00 78.00 OK
r-patched-linux-x86_64 1.2.3 5.27 48.61 53.88 OK
r-patched-osx-x86_64 1.2.3 NOTE
r-patched-solaris-x86 1.2.3 101.60 NOTE
r-release-linux-x86_64 1.2.3 4.52 46.51 51.03 OK
r-release-windows-ix86+x86_64 1.2.3 16.00 60.00 76.00 OK
r-release-osx-x86_64 1.2.3 NOTE
r-oldrel-windows-ix86+x86_64 1.2.3 7.00 61.00 68.00 OK
r-oldrel-osx-x86_64 1.2.3 NOTE

Check Details

Version: 1.2.3
Check: dependencies in R code
Result: NOTE
    Namespace in Imports field not imported from: ‘grDevices’
     All declared Imports should be used.
Flavors: r-devel-linux-x86_64-fedora-clang, r-devel-linux-x86_64-fedora-gcc, r-patched-osx-x86_64, r-patched-solaris-x86, r-release-osx-x86_64, r-oldrel-osx-x86_64

Version: 1.2.3
Check: data for non-ASCII characters
Result: NOTE
     Note: found 5 marked UTF-8 strings
Flavors: r-devel-linux-x86_64-fedora-clang, r-devel-linux-x86_64-fedora-gcc, r-patched-osx-x86_64, r-patched-solaris-x86, r-release-osx-x86_64, r-oldrel-osx-x86_64