CRAN Package Check Results for Package meaRtools

Last updated on 2020-04-25 01:53:07 CEST.

Flavor Version Tinstall Tcheck Ttotal Status Flags
r-devel-linux-x86_64-debian-clang 1.0.4 48.94 444.18 493.12 OK
r-devel-linux-x86_64-debian-gcc 1.0.4 28.76 326.69 355.45 OK
r-devel-linux-x86_64-fedora-clang 1.0.4 602.26 NOTE
r-devel-linux-x86_64-fedora-gcc 1.0.4 590.80 OK
r-devel-windows-ix86+x86_64 1.0.4 111.00 391.00 502.00 NOTE
r-patched-linux-x86_64 1.0.4 37.95 418.71 456.66 OK
r-patched-osx-x86_64 1.0.4 WARN
r-patched-solaris-x86 1.0.4 769.10 OK
r-release-linux-x86_64 1.0.4 37.01 420.27 457.28 OK
r-release-windows-ix86+x86_64 1.0.4 111.00 400.00 511.00 NOTE
r-release-osx-x86_64 1.0.4 FAIL
r-oldrel-windows-ix86+x86_64 1.0.4 62.00 522.00 584.00 NOTE
r-oldrel-osx-x86_64 1.0.4 OK

Check Details

Version: 1.0.4
Check: installed package size
Result: NOTE
     installed size is 5.2Mb
     sub-directories of 1Mb or more:
     extdata 2.6Mb
     libs 1.3Mb
Flavors: r-devel-linux-x86_64-fedora-clang, r-devel-windows-ix86+x86_64, r-release-windows-ix86+x86_64, r-oldrel-windows-ix86+x86_64

Version: 1.0.4
Check: re-building of vignette outputs
Result: WARN
    Error(s) in re-building vignettes:
    --- re-building ‘data_input.Rmd’ using rmarkdown
    dyld: lazy symbol binding failed: Symbol not found: ____chkstk_darwin
     Referenced from: /usr/local/bin/pandoc (which was built for Mac OS X 10.15)
     Expected in: /usr/lib/libSystem.B.dylib
    
    dyld: Symbol not found: ____chkstk_darwin
     Referenced from: /usr/local/bin/pandoc (which was built for Mac OS X 10.15)
     Expected in: /usr/lib/libSystem.B.dylib
    
    Error: processing vignette 'data_input.Rmd' failed with diagnostics:
    pandoc document conversion failed with error 6
    --- failed re-building ‘data_input.Rmd’
    
    --- re-building ‘meaRtoolsGeneralUsage.Rmd’ using rmarkdown
    dyld: lazy symbol binding failed: Symbol not found: ____chkstk_darwin
     Referenced from: /usr/local/bin/pandoc (which was built for Mac OS X 10.15)
     Expected in: /usr/lib/libSystem.B.dylib
    
    dyld: Symbol not found: ____chkstk_darwin
     Referenced from: /usr/local/bin/pandoc (which was built for Mac OS X 10.15)
     Expected in: /usr/lib/libSystem.B.dylib
    
    Error: processing vignette 'meaRtoolsGeneralUsage.Rmd' failed with diagnostics:
    pandoc document conversion failed with error 6
    --- failed re-building ‘meaRtoolsGeneralUsage.Rmd’
    
    --- re-building ‘sttc.Rmd’ using rmarkdown
    dyld: lazy symbol binding failed: Symbol not found: ____chkstk_darwin
     Referenced from: /usr/local/bin/pandoc (which was built for Mac OS X 10.15)
     Expected in: /usr/lib/libSystem.B.dylib
    
    dyld: Symbol not found: ____chkstk_darwin
     Referenced from: /usr/local/bin/pandoc (which was built for Mac OS X 10.15)
     Expected in: /usr/lib/libSystem.B.dylib
    
    Error: processing vignette 'sttc.Rmd' failed with diagnostics:
    pandoc document conversion failed with error 6
    --- failed re-building ‘sttc.Rmd’
    
    SUMMARY: processing the following files failed:
     ‘data_input.Rmd’ ‘meaRtoolsGeneralUsage.Rmd’ ‘sttc.Rmd’
    
    Error: Vignette re-building failed.
    Execution halted
Flavor: r-patched-osx-x86_64

Version: 1.0.4
Check: whether package can be installed
Result: FAIL
Flavor: r-release-osx-x86_64