CRAN Package Check Results for Package mboost

Last updated on 2020-04-25 01:53:07 CEST.

Flavor Version Tinstall Tcheck Ttotal Status Flags
r-devel-linux-x86_64-debian-clang 2.9-2 17.74 536.92 554.66 OK
r-devel-linux-x86_64-debian-gcc 2.9-2 15.29 390.36 405.65 OK
r-devel-linux-x86_64-fedora-clang 2.9-2 667.73 OK
r-devel-linux-x86_64-fedora-gcc 2.9-2 678.30 OK
r-devel-windows-ix86+x86_64 2.9-2 42.00 218.00 260.00 OK --no-vignettes
r-patched-linux-x86_64 2.9-2 18.28 499.64 517.92 OK
r-patched-osx-x86_64 2.9-2 NOTE
r-patched-solaris-x86 2.9-2 814.90 OK
r-release-linux-x86_64 2.9-2 13.11 456.92 470.03 OK
r-release-windows-ix86+x86_64 2.9-2 34.00 146.00 180.00 OK --no-vignettes
r-release-osx-x86_64 2.9-2 OK
r-oldrel-windows-ix86+x86_64 2.9-2 21.00 190.00 211.00 OK --no-vignettes
r-oldrel-osx-x86_64 2.9-2 OK

Check Details

Version: 2.9-2
Check: package dependencies
Result: NOTE
    Package suggested but not available for checking: ‘kangar00’
Flavor: r-patched-osx-x86_64

Version: 2.9-2
Check: Rd cross-references
Result: NOTE
    Package unavailable to check Rd xrefs: ‘kangar00’
Flavor: r-patched-osx-x86_64