CRAN Package Check Results for Package matricks

Last updated on 2020-04-25 01:53:07 CEST.

Flavor Version Tinstall Tcheck Ttotal Status Flags
r-devel-linux-x86_64-debian-clang 0.8.2 21.75 47.38 69.13 OK
r-devel-linux-x86_64-debian-gcc 0.8.2 13.07 37.01 50.08 OK
r-devel-linux-x86_64-fedora-clang 0.8.2 89.34 OK
r-devel-linux-x86_64-fedora-gcc 0.8.2 85.58 OK
r-devel-windows-ix86+x86_64 0.8.2 62.00 95.00 157.00 OK
r-patched-linux-x86_64 0.8.2 15.86 45.24 61.10 OK
r-patched-osx-x86_64 0.8.2 WARN
r-patched-solaris-x86 0.8.2 107.10 OK
r-release-linux-x86_64 0.8.2 15.34 42.92 58.26 OK
r-release-windows-ix86+x86_64 0.8.2 59.00 84.00 143.00 OK
r-release-osx-x86_64 0.8.2 OK
r-oldrel-windows-ix86+x86_64 0.8.2 34.00 120.00 154.00 ERROR
r-oldrel-osx-x86_64 0.8.2 ERROR

Check Details

Version: 0.8.2
Check: re-building of vignette outputs
Result: WARN
    Error(s) in re-building vignettes:
     ...
    --- re-building ‘policy_evaluation.Rmd’ using rmarkdown
    dyld: lazy symbol binding failed: Symbol not found: ____chkstk_darwin
     Referenced from: /usr/local/bin/pandoc (which was built for Mac OS X 10.15)
     Expected in: /usr/lib/libSystem.B.dylib
    
    dyld: Symbol not found: ____chkstk_darwin
     Referenced from: /usr/local/bin/pandoc (which was built for Mac OS X 10.15)
     Expected in: /usr/lib/libSystem.B.dylib
    
    Error: processing vignette 'policy_evaluation.Rmd' failed with diagnostics:
    pandoc document conversion failed with error 6
    --- failed re-building ‘policy_evaluation.Rmd’
    
    SUMMARY: processing the following file failed:
     ‘policy_evaluation.Rmd’
    
    Error: Vignette re-building failed.
    Execution halted
Flavor: r-patched-osx-x86_64

Version: 0.8.2
Check: R code for possible problems
Result: NOTE
    matrix_idx: no visible global function definition for 'asplit'
    Undefined global functions or variables:
     asplit
Flavors: r-oldrel-windows-ix86+x86_64, r-oldrel-osx-x86_64

Version: 0.8.2
Check: running examples for arch ‘i386’
Result: ERROR
    Running examples in 'matricks-Ex.R' failed
    The error most likely occurred in:
    
    > ### Name: matrix_idx
    > ### Title: Get available marix indices
    > ### Aliases: matrix_idx
    >
    > ### ** Examples
    >
    > T <- TRUE; F <- FALSE
    > mat <- matrix(0, 3, 3)
    > mask <- m(T, T, F | T, F, T | F, F, T)
    > # All poss
    > matrix_idx(mat)
    Error in asplit(out, 1) : could not find function "asplit"
    Calls: matrix_idx
    Execution halted
Flavor: r-oldrel-windows-ix86+x86_64

Version: 0.8.2
Check: running examples for arch ‘x64’
Result: ERROR
    Running examples in 'matricks-Ex.R' failed
    The error most likely occurred in:
    
    > ### Name: matrix_idx
    > ### Title: Get available marix indices
    > ### Aliases: matrix_idx
    >
    > ### ** Examples
    >
    > T <- TRUE; F <- FALSE
    > mat <- matrix(0, 3, 3)
    > mask <- m(T, T, F | T, F, T | F, F, T)
    > # All poss
    > matrix_idx(mat)
    Error in asplit(out, 1) : could not find function "asplit"
    Calls: matrix_idx
    Execution halted
Flavor: r-oldrel-windows-ix86+x86_64

Version: 0.8.2
Check: re-building of vignette outputs
Result: WARN
    Error in re-building vignettes:
     ...
    Quitting from lines 40-60 (policy_evaluation.Rmd)
    Error: processing vignette 'policy_evaluation.Rmd' failed with diagnostics:
    could not find function "asplit"
    Execution halted
Flavor: r-oldrel-windows-ix86+x86_64

Version: 0.8.2
Check: examples
Result: ERROR
    Running examples in ‘matricks-Ex.R’ failed
    The error most likely occurred in:
    
    > ### Name: matrix_idx
    > ### Title: Get available marix indices
    > ### Aliases: matrix_idx
    >
    > ### ** Examples
    >
    > T <- TRUE; F <- FALSE
    > mat <- matrix(0, 3, 3)
    > mask <- m(T, T, F | T, F, T | F, F, T)
    > # All poss
    > matrix_idx(mat)
    Error in asplit(out, 1) : could not find function "asplit"
    Calls: matrix_idx
    Execution halted
Flavor: r-oldrel-osx-x86_64

Version: 0.8.2
Check: re-building of vignette outputs
Result: WARN
    Error in re-building vignettes:
     ...
    Warning in engine$weave(file, quiet = quiet, encoding = enc) :
     Pandoc (>= 1.12.3) and/or pandoc-citeproc not available. Falling back to R Markdown v1.
    Quitting from lines 40-60 (policy_evaluation.Rmd)
    Error: processing vignette 'policy_evaluation.Rmd' failed with diagnostics:
    could not find function "asplit"
    Execution halted
Flavor: r-oldrel-osx-x86_64