CRAN Package Check Results for Package matlab

Last updated on 2020-04-25 01:53:07 CEST.

Flavor Version Tinstall Tcheck Ttotal Status Flags
r-devel-linux-x86_64-debian-clang 1.0.2 4.73 50.64 55.37 NOTE
r-devel-linux-x86_64-debian-gcc 1.0.2 3.18 40.50 43.68 NOTE
r-devel-linux-x86_64-fedora-clang 1.0.2 69.24 NOTE
r-devel-linux-x86_64-fedora-gcc 1.0.2 68.05 NOTE
r-devel-windows-ix86+x86_64 1.0.2 14.00 72.00 86.00 NOTE
r-patched-linux-x86_64 1.0.2 4.07 50.23 54.30 NOTE
r-patched-osx-x86_64 1.0.2 NOTE
r-patched-solaris-x86 1.0.2 104.50 NOTE
r-release-linux-x86_64 1.0.2 3.59 47.27 50.86 NOTE
r-release-windows-ix86+x86_64 1.0.2 7.00 104.00 111.00 NOTE
r-release-osx-x86_64 1.0.2 NOTE
r-oldrel-windows-ix86+x86_64 1.0.2 5.00 64.00 69.00 NOTE
r-oldrel-osx-x86_64 1.0.2 NOTE

Check Details

Version: 1.0.2
Check: DESCRIPTION meta-information
Result: NOTE
    Malformed Description field: should contain one or more complete sentences.
Flavors: r-devel-linux-x86_64-debian-clang, r-devel-linux-x86_64-debian-gcc, r-devel-linux-x86_64-fedora-clang, r-devel-linux-x86_64-fedora-gcc, r-devel-windows-ix86+x86_64, r-patched-linux-x86_64, r-patched-osx-x86_64, r-patched-solaris-x86, r-release-linux-x86_64, r-release-windows-ix86+x86_64, r-release-osx-x86_64, r-oldrel-windows-ix86+x86_64, r-oldrel-osx-x86_64

Version: 1.0.2
Check: R code for possible problems
Result: NOTE
    Found the following possibly unsafe calls:
    File 'matlab/R/zzz.R':
     unlockBinding("savedTime", .MatlabNamespaceEnv)
    
    colorbar : colorbar.EO: no visible global function definition for 'par'
    colorbar : colorbar.EO: no visible global function definition for
     'axis'
    colorbar : colorbar.EO: no visible global function definition for
     'axTicks'
    colorbar : colorbar.EO: no visible global function definition for 'box'
    colorbar : colorbar.NO: no visible global function definition for
     'axis'
    colorbar : colorbar.NO: no visible global function definition for
     'axTicks'
    colorbar : colorbar.NO: no visible global function definition for 'box'
    imagesc : pretty.axp: no visible global function definition for 'par'
    imagesc: no visible global function definition for 'axis'
    imagesc: no visible global function definition for 'box'
    jet.colors: no visible global function definition for 'rgb'
    multiline.plot.colors : get.gca.colororder: no visible global function
     definition for 'rgb'
    std: no visible global function definition for 'sd'
    Undefined global functions or variables:
     axTicks axis box par rgb sd
    Consider adding
     importFrom("grDevices", "rgb")
     importFrom("graphics", "axTicks", "axis", "box", "par")
     importFrom("stats", "sd")
    to your NAMESPACE file.
Flavors: r-devel-linux-x86_64-debian-clang, r-devel-linux-x86_64-debian-gcc, r-devel-linux-x86_64-fedora-clang, r-devel-linux-x86_64-fedora-gcc, r-devel-windows-ix86+x86_64, r-patched-linux-x86_64, r-patched-osx-x86_64, r-patched-solaris-x86, r-release-linux-x86_64, r-release-windows-ix86+x86_64, r-release-osx-x86_64, r-oldrel-windows-ix86+x86_64, r-oldrel-osx-x86_64