CRAN Package Check Results for Package matchmaker

Last updated on 2020-04-25 01:53:07 CEST.

Flavor Version Tinstall Tcheck Ttotal Status Flags
r-devel-linux-x86_64-debian-clang 0.1.1 2.70 30.13 32.83 OK
r-devel-linux-x86_64-debian-gcc 0.1.1 1.93 24.50 26.43 OK
r-devel-linux-x86_64-fedora-clang 0.1.1 42.37 OK
r-devel-linux-x86_64-fedora-gcc 0.1.1 42.17 OK
r-devel-windows-ix86+x86_64 0.1.1 11.00 42.00 53.00 OK
r-patched-linux-x86_64 0.1.1 2.50 30.38 32.88 OK
r-patched-osx-x86_64 0.1.1 WARN
r-patched-solaris-x86 0.1.1 58.80 OK
r-release-linux-x86_64 0.1.1 1.79 28.15 29.94 OK
r-release-windows-ix86+x86_64 0.1.1 6.00 41.00 47.00 OK
r-release-osx-x86_64 0.1.1 OK
r-oldrel-windows-ix86+x86_64 0.1.1 2.00 53.00 55.00 OK
r-oldrel-osx-x86_64 0.1.1 OK

Check Details

Version: 0.1.1
Check: re-building of vignette outputs
Result: WARN
    Error(s) in re-building vignettes:
     ...
    --- re-building ‘intro.Rmd’ using rmarkdown
    dyld: lazy symbol binding failed: Symbol not found: ____chkstk_darwin
     Referenced from: /usr/local/bin/pandoc (which was built for Mac OS X 10.15)
     Expected in: /usr/lib/libSystem.B.dylib
    
    dyld: Symbol not found: ____chkstk_darwin
     Referenced from: /usr/local/bin/pandoc (which was built for Mac OS X 10.15)
     Expected in: /usr/lib/libSystem.B.dylib
    
    Error: processing vignette 'intro.Rmd' failed with diagnostics:
    pandoc document conversion failed with error 6
    --- failed re-building ‘intro.Rmd’
    
    SUMMARY: processing the following file failed:
     ‘intro.Rmd’
    
    Error: Vignette re-building failed.
    Execution halted
Flavor: r-patched-osx-x86_64