CRAN Package Check Results for Package matR

Last updated on 2020-04-25 01:53:07 CEST.

Flavor Version Tinstall Tcheck Ttotal Status Flags
r-devel-linux-x86_64-debian-clang 0.9.1 4.01 40.21 44.22 OK
r-devel-linux-x86_64-debian-gcc 0.9.1 2.92 31.70 34.62 OK
r-devel-linux-x86_64-fedora-clang 0.9.1 53.96 OK
r-devel-linux-x86_64-fedora-gcc 0.9.1 54.66 OK
r-devel-windows-ix86+x86_64 0.9.1 11.00 53.00 64.00 OK
r-patched-linux-x86_64 0.9.1 3.91 40.08 43.99 OK
r-patched-osx-x86_64 0.9.1 OK
r-patched-solaris-x86 0.9.1 73.10 OK
r-release-linux-x86_64 0.9.1 3.37 37.15 40.52 OK
r-release-windows-ix86+x86_64 0.9.1 11.00 55.00 66.00 OK
r-release-osx-x86_64 0.9.1 NOTE
r-oldrel-windows-ix86+x86_64 0.9.1 4.00 114.00 118.00 OK
r-oldrel-osx-x86_64 0.9.1 OK

Check Details

Version: 0.9.1
Check: package dependencies
Result: NOTE
    Package suggested but not available for checking: ‘qvalue’
Flavor: r-release-osx-x86_64