CRAN Package Check Results for Package markophylo

Last updated on 2020-04-25 01:53:07 CEST.

Flavor Version Tinstall Tcheck Ttotal Status Flags
r-devel-linux-x86_64-debian-clang 1.0.7 40.87 166.49 207.36 OK
r-devel-linux-x86_64-debian-gcc 1.0.7 29.86 131.27 161.13 OK
r-devel-linux-x86_64-fedora-clang 1.0.7 262.84 OK
r-devel-linux-x86_64-fedora-gcc 1.0.7 258.89 OK
r-devel-windows-ix86+x86_64 1.0.7 104.00 196.00 300.00 OK
r-patched-linux-x86_64 1.0.7 35.91 155.27 191.18 OK
r-patched-osx-x86_64 1.0.7 WARN
r-patched-solaris-x86 1.0.7 299.20 OK
r-release-linux-x86_64 1.0.7 33.45 143.32 176.77 OK
r-release-windows-ix86+x86_64 1.0.7 91.00 186.00 277.00 OK
r-release-osx-x86_64 1.0.7 OK
r-oldrel-windows-ix86+x86_64 1.0.7 56.00 253.00 309.00 OK
r-oldrel-osx-x86_64 1.0.7 OK

Check Details

Version: 1.0.7
Check: re-building of vignette outputs
Result: WARN
    Error(s) in re-building vignettes:
     ...
    --- re-building ‘estimaterates.Rmd’ using rmarkdown
    dyld: lazy symbol binding failed: Symbol not found: ____chkstk_darwin
     Referenced from: /usr/local/bin/pandoc (which was built for Mac OS X 10.15)
     Expected in: /usr/lib/libSystem.B.dylib
    
    dyld: Symbol not found: ____chkstk_darwin
     Referenced from: /usr/local/bin/pandoc (which was built for Mac OS X 10.15)
     Expected in: /usr/lib/libSystem.B.dylib
    
    Error: processing vignette 'estimaterates.Rmd' failed with diagnostics:
    pandoc document conversion failed with error 6
    --- failed re-building ‘estimaterates.Rmd’
    
    SUMMARY: processing the following file failed:
     ‘estimaterates.Rmd’
    
    Error: Vignette re-building failed.
    Execution halted
Flavor: r-patched-osx-x86_64