CRAN Package Check Results for Package maotai

Last updated on 2020-04-25 01:53:07 CEST.

Flavor Version Tinstall Tcheck Ttotal Status Flags
r-devel-linux-x86_64-debian-clang 0.1.5 78.54 102.67 181.21 OK
r-devel-linux-x86_64-debian-gcc 0.1.5 54.51 78.02 132.53 OK
r-devel-linux-x86_64-fedora-clang 0.1.5 231.32 OK
r-devel-linux-x86_64-fedora-gcc 0.1.5 227.42 OK
r-devel-windows-ix86+x86_64 0.1.5 210.00 166.00 376.00 OK
r-patched-linux-x86_64 0.1.5 65.29 98.55 163.84 OK
r-patched-osx-x86_64 0.1.5 OK
r-patched-solaris-x86 0.1.5 268.70 OK
r-release-linux-x86_64 0.1.5 60.35 90.92 151.27 OK
r-release-windows-ix86+x86_64 0.1.5 182.00 148.00 330.00 OK
r-release-osx-x86_64 0.1.5 WARN
r-oldrel-windows-ix86+x86_64 0.1.5 124.00 187.00 311.00 OK
r-oldrel-osx-x86_64 0.1.3 WARN

Check Details

Version: 0.1.5
Check: whether package can be installed
Result: WARN
    Found the following significant warnings:
     Warning: 'rgl.init' failed, running with 'rgl.useNULL = TRUE'.
Flavor: r-release-osx-x86_64

Version: 0.1.5
Check: Rd files
Result: WARN
    prepare_Rd: RGL: unable to open X11 display
    prepare_Rd: 'rgl.init' failed, running with 'rgl.useNULL = TRUE'.
Flavor: r-release-osx-x86_64

Version: 0.1.3
Check: whether package can be installed
Result: WARN
    Found the following significant warnings:
     Warning: 'rgl.init' failed, running with 'rgl.useNULL = TRUE'.
Flavor: r-oldrel-osx-x86_64