CRAN Package Check Results for Package m2b

Last updated on 2020-04-25 01:53:06 CEST.

Flavor Version Tinstall Tcheck Ttotal Status Flags
r-devel-linux-x86_64-debian-clang 1.0 6.57 80.28 86.85 OK
r-devel-linux-x86_64-debian-gcc 1.0 5.35 61.53 66.88 OK
r-devel-linux-x86_64-fedora-clang 1.0 104.42 NOTE
r-devel-linux-x86_64-fedora-gcc 1.0 102.78 NOTE
r-devel-windows-ix86+x86_64 1.0 23.00 88.00 111.00 OK
r-patched-linux-x86_64 1.0 5.98 75.81 81.79 OK
r-patched-osx-x86_64 1.0 WARN
r-patched-solaris-x86 1.0 148.90 NOTE
r-release-linux-x86_64 1.0 5.46 71.82 77.28 OK
r-release-windows-ix86+x86_64 1.0 16.00 90.00 106.00 OK
r-release-osx-x86_64 1.0 NOTE
r-oldrel-windows-ix86+x86_64 1.0 7.00 117.00 124.00 OK
r-oldrel-osx-x86_64 1.0 NOTE

Check Details

Version: 1.0
Check: dependencies in R code
Result: NOTE
    Namespaces in Imports field not imported from:
     ‘e1071’ ‘utils’
     All declared Imports should be used.
Flavors: r-devel-linux-x86_64-fedora-clang, r-devel-linux-x86_64-fedora-gcc, r-patched-osx-x86_64, r-patched-solaris-x86, r-release-osx-x86_64, r-oldrel-osx-x86_64

Version: 1.0
Check: re-building of vignette outputs
Result: WARN
    Error(s) in re-building vignettes:
     ...
    --- re-building ‘tutorial.Rmd’ using rmarkdown
    Warning: Use of `pipo$x` is discouraged. Use `x` instead.
    Warning: Use of `pipo$y` is discouraged. Use `y` instead.
    Warning: Use of `pipo$b` is discouraged. Use `b` instead.
    Warning: Use of `pipo$id` is discouraged. Use `id` instead.
    dyld: lazy symbol binding failed: Symbol not found: ____chkstk_darwin
     Referenced from: /usr/local/bin/pandoc (which was built for Mac OS X 10.15)
     Expected in: /usr/lib/libSystem.B.dylib
    
    dyld: Symbol not found: ____chkstk_darwin
     Referenced from: /usr/local/bin/pandoc (which was built for Mac OS X 10.15)
     Expected in: /usr/lib/libSystem.B.dylib
    
    Error: processing vignette 'tutorial.Rmd' failed with diagnostics:
    pandoc document conversion failed with error 6
    --- failed re-building ‘tutorial.Rmd’
    
    SUMMARY: processing the following file failed:
     ‘tutorial.Rmd’
    
    Error: Vignette re-building failed.
    Execution halted
Flavor: r-patched-osx-x86_64