CRAN Package Check Results for Package lvnet

Last updated on 2020-04-25 01:53:06 CEST.

Flavor Version Tinstall Tcheck Ttotal Status Flags
r-devel-linux-x86_64-debian-clang 0.3.5 20.28 145.22 165.50 OK
r-devel-linux-x86_64-debian-gcc 0.3.5 17.91 110.91 128.82 OK
r-devel-linux-x86_64-fedora-clang 0.3.5 205.44 OK
r-devel-linux-x86_64-fedora-gcc 0.3.5 198.34 OK
r-devel-windows-ix86+x86_64 0.3.5 82.00 144.00 226.00 OK
r-patched-linux-x86_64 0.3.5 17.73 137.86 155.59 OK
r-patched-osx-x86_64 0.3.5 OK
r-patched-solaris-x86 0.3.5 307.60 ERROR
r-release-linux-x86_64 0.3.5 12.40 125.75 138.15 OK
r-release-windows-ix86+x86_64 0.3.5 71.00 141.00 212.00 OK
r-release-osx-x86_64 0.3.5 OK
r-oldrel-windows-ix86+x86_64 0.3.5 22.00 185.00 207.00 OK
r-oldrel-osx-x86_64 0.3.5 OK

Check Details

Version: 0.3.5
Check: examples
Result: ERROR
    Running examples in ‘lvnet-Ex.R’ failed
    The error most likely occurred in:
    
    > ### Name: lvnet
    > ### Title: Confirmatory Latent Variable Network Models
    > ### Aliases: lvnet
    >
    > ### ** Examples
    >
    > # Load dataset:
    > library("lavaan")
    This is lavaan 0.6-5
    lavaan is BETA software! Please report any bugs.
    
    Attaching package: ‘lavaan’
    
    The following object is masked from ‘package:OpenMx’:
    
     vech
    
    > data(HolzingerSwineford1939)
    > Data <- HolzingerSwineford1939[,7:15]
    >
    > # Measurement model:
    > Lambda <- matrix(0, 9, 3)
    > Lambda[1:3,1] <- NA
    > Lambda[4:6,2] <- NA
    > Lambda[7:9,3] <- NA
    >
    > # Fit CFA model:
    > CFA <- lvnet(Data, lambda = Lambda)
    Error: C stack usage 334140564 is too close to the limit
    Error: The job for model 'model' exited abnormally with the error message: User interrupt
    Execution halted
Flavor: r-patched-solaris-x86