CRAN Package Check Results for Package lutz

Last updated on 2020-04-25 01:53:06 CEST.

Flavor Version Tinstall Tcheck Ttotal Status Flags
r-devel-linux-x86_64-debian-clang 0.3.1 26.13 50.91 77.04 OK
r-devel-linux-x86_64-debian-gcc 0.3.1 18.17 40.96 59.13 OK
r-devel-linux-x86_64-fedora-clang 0.3.1 100.63 OK
r-devel-linux-x86_64-fedora-gcc 0.3.1 94.89 OK
r-devel-windows-ix86+x86_64 0.3.1 61.00 113.00 174.00 NOTE
r-patched-linux-x86_64 0.3.1 22.71 49.64 72.35 OK
r-patched-osx-x86_64 0.3.1 NOTE
r-patched-solaris-x86 0.3.1 148.50 OK
r-release-linux-x86_64 0.3.1 22.38 47.34 69.72 OK
r-release-windows-ix86+x86_64 0.3.1 58.00 110.00 168.00 NOTE
r-release-osx-x86_64 0.3.1 OK
r-oldrel-windows-ix86+x86_64 0.3.1 38.00 141.00 179.00 NOTE
r-oldrel-osx-x86_64 0.3.1 OK

Check Details

Version: 0.3.1
Check: installed package size
Result: NOTE
     installed size is 6.4Mb
     sub-directories of 1Mb or more:
     R 4.0Mb
     libs 2.1Mb
Flavors: r-devel-windows-ix86+x86_64, r-patched-osx-x86_64, r-release-windows-ix86+x86_64, r-oldrel-windows-ix86+x86_64