Last updated on 2020-04-25 01:53:06 CEST.
Flavor | Version | Tinstall | Tcheck | Ttotal | Status | Flags |
---|---|---|---|---|---|---|
r-devel-linux-x86_64-debian-clang | 0.1.8 | 98.24 | 113.60 | 211.84 | OK | |
r-devel-linux-x86_64-debian-gcc | 0.1.8 | 65.73 | 90.57 | 156.30 | OK | |
r-devel-linux-x86_64-fedora-clang | 0.1.8 | 273.84 | NOTE | |||
r-devel-linux-x86_64-fedora-gcc | 0.1.8 | 263.56 | OK | |||
r-devel-windows-ix86+x86_64 | 0.1.8 | 245.00 | 152.00 | 397.00 | OK | |
r-patched-linux-x86_64 | 0.1.8 | 74.94 | 112.09 | 187.03 | OK | |
r-patched-osx-x86_64 | 0.1.8 | NOTE | ||||
r-patched-solaris-x86 | 0.1.8 | 320.80 | OK | |||
r-release-linux-x86_64 | 0.1.8 | 72.86 | 103.98 | 176.84 | OK | |
r-release-windows-ix86+x86_64 | 0.1.8 | 212.00 | 151.00 | 363.00 | OK | |
r-release-osx-x86_64 | 0.1.8 | NOTE | ||||
r-oldrel-windows-ix86+x86_64 | 0.1.8 | 145.00 | 176.00 | 321.00 | OK | |
r-oldrel-osx-x86_64 | 0.1.8 | NOTE |
Version: 0.1.8
Check: installed package size
Result: NOTE
installed size is 6.2Mb
sub-directories of 1Mb or more:
data 2.1Mb
libs 4.0Mb
Flavors: r-devel-linux-x86_64-fedora-clang, r-patched-osx-x86_64, r-release-osx-x86_64, r-oldrel-osx-x86_64