CRAN Package Check Results for Package lslx

Last updated on 2020-04-25 01:53:06 CEST.

Flavor Version Tinstall Tcheck Ttotal Status Flags
r-devel-linux-x86_64-debian-clang 0.6.9 168.56 119.52 288.08 OK
r-devel-linux-x86_64-debian-gcc 0.6.9 138.67 98.33 237.00 OK
r-devel-linux-x86_64-fedora-clang 0.6.9 401.44 NOTE
r-devel-linux-x86_64-fedora-gcc 0.6.9 413.55 NOTE
r-devel-windows-ix86+x86_64 0.6.9 375.00 165.00 540.00 NOTE
r-patched-linux-x86_64 0.6.9 167.31 123.06 290.37 OK
r-patched-osx-x86_64 0.6.9 NOTE
r-patched-solaris-x86 0.6.9 370.10 NOTE
r-release-linux-x86_64 0.6.9 162.91 117.36 280.27 OK
r-release-windows-ix86+x86_64 0.6.9 332.00 150.00 482.00 NOTE
r-release-osx-x86_64 0.6.9 NOTE
r-oldrel-windows-ix86+x86_64 0.6.9 220.00 185.00 405.00 NOTE
r-oldrel-osx-x86_64 0.6.9 NOTE

Check Details

Version: 0.6.9
Check: installed package size
Result: NOTE
     installed size is 52.0Mb
     sub-directories of 1Mb or more:
     doc 2.0Mb
     libs 49.4Mb
Flavors: r-devel-linux-x86_64-fedora-clang, r-devel-windows-ix86+x86_64, r-patched-osx-x86_64, r-release-windows-ix86+x86_64, r-release-osx-x86_64, r-oldrel-windows-ix86+x86_64, r-oldrel-osx-x86_64

Version: 0.6.9
Check: dependencies in R code
Result: NOTE
    Namespace in Imports field not imported from: ‘lavaan’
     All declared Imports should be used.
Flavors: r-devel-linux-x86_64-fedora-clang, r-devel-linux-x86_64-fedora-gcc, r-patched-osx-x86_64, r-patched-solaris-x86, r-release-osx-x86_64, r-oldrel-osx-x86_64

Version: 0.6.9
Check: re-building of vignette outputs
Result: NOTE
    Error(s) in re-building vignettes:
    --- re-building ‘factor-analysis.Rmd’ using rmarkdown
    dyld: lazy symbol binding failed: Symbol not found: ____chkstk_darwin
     Referenced from: /usr/local/bin/pandoc (which was built for Mac OS X 10.15)
     Expected in: /usr/lib/libSystem.B.dylib
    
    dyld: Symbol not found: ____chkstk_darwin
     Referenced from: /usr/local/bin/pandoc (which was built for Mac OS X 10.15)
     Expected in: /usr/lib/libSystem.B.dylib
    
    Error: processing vignette 'factor-analysis.Rmd' failed with diagnostics:
    pandoc document conversion failed with error 6
    --- failed re-building ‘factor-analysis.Rmd’
    
    --- re-building ‘missing-data-analysis.Rmd’ using rmarkdown
    dyld: lazy symbol binding failed: Symbol not found: ____chkstk_darwin
     Referenced from: /usr/local/bin/pandoc (which was built for Mac OS X 10.15)
     Expected in: /usr/lib/libSystem.B.dylib
    
    dyld: Symbol not found: ____chkstk_darwin
     Referenced from: /usr/local/bin/pandoc (which was built for Mac OS X 10.15)
     Expected in: /usr/lib/libSystem.B.dylib
    
    Error: processing vignette 'missing-data-analysis.Rmd' failed with diagnostics:
    pandoc document conversion failed with error 6
    --- failed re-building ‘missing-data-analysis.Rmd’
    
    --- re-building ‘multi-group-analysis.Rmd’ using rmarkdown
    dyld: lazy symbol binding failed: Symbol not found: ____chkstk_darwin
     Referenced from: /usr/local/bin/pandoc (which was built for Mac OS X 10.15)
     Expected in: /usr/lib/libSystem.B.dylib
    
    dyld: Symbol not found: ____chkstk_darwin
     Referenced from: /usr/local/bin/pandoc (which was built for Mac OS X 10.15)
     Expected in: /usr/lib/libSystem.B.dylib
    
    Error: processing vignette 'multi-group-analysis.Rmd' failed with diagnostics:
    pandoc document conversion failed with error 6
    --- failed re-building ‘multi-group-analysis.Rmd’
    
    --- re-building ‘regression-analysis.Rmd’ using rmarkdown
    dyld: lazy symbol binding failed: Symbol not found: ____chkstk_darwin
     Referenced from: /usr/local/bin/pandoc (which was built for Mac OS X 10.15)
     Expected in: /usr/lib/libSystem.B.dylib
    
    dyld: Symbol not found: ____chkstk_darwin
     Referenced from: /usr/local/bin/pandoc (which was built for Mac OS X 10.15)
     Expected in: /usr/lib/libSystem.B.dylib
    
    Error: processing vignette 'regression-analysis.Rmd' failed with diagnostics:
    pandoc document conversion failed with error 6
    --- failed re-building ‘regression-analysis.Rmd’
    
    --- re-building ‘structural-equation-modeling.Rmd’ using rmarkdown
    dyld: lazy symbol binding failed: Symbol not found: ____chkstk_darwin
     Referenced from: /usr/local/bin/pandoc (which was built for Mac OS X 10.15)
     Expected in: /usr/lib/libSystem.B.dylib
    
    dyld: Symbol not found: ____chkstk_darwin
     Referenced from: /usr/local/bin/pandoc (which was built for Mac OS X 10.15)
     Expected in: /usr/lib/libSystem.B.dylib
    
    Error: processing vignette 'structural-equation-modeling.Rmd' failed with diagnostics:
    pandoc document conversion failed with error 6
    --- failed re-building ‘structural-equation-modeling.Rmd’
    
    --- re-building ‘vignette-lslx.Rnw’ using Sweave
    --- finished re-building 'vignette-lslx.Rnw'
    
    SUMMARY: processing the following files failed:
     ‘factor-analysis.Rmd’ ‘missing-data-analysis.Rmd’
     ‘multi-group-analysis.Rmd’ ‘regression-analysis.Rmd’
     ‘structural-equation-modeling.Rmd’
    
    Error: Vignette re-building failed.
    Execution halted
Flavor: r-patched-osx-x86_64