CRAN Package Check Results for Package loo

Last updated on 2020-04-25 01:53:06 CEST.

Flavor Version Tinstall Tcheck Ttotal Status Flags
r-devel-linux-x86_64-debian-clang 2.2.0 6.46 127.02 133.48 OK
r-devel-linux-x86_64-debian-gcc 2.2.0 5.31 93.87 99.18 OK
r-devel-linux-x86_64-fedora-clang 2.2.0 159.31 OK
r-devel-linux-x86_64-fedora-gcc 2.2.0 161.25 OK
r-devel-windows-ix86+x86_64 2.2.0 18.00 153.00 171.00 OK
r-patched-linux-x86_64 2.2.0 6.18 125.25 131.43 OK
r-patched-osx-x86_64 2.2.0 OK
r-patched-solaris-x86 2.2.0 224.60 OK
r-release-linux-x86_64 2.2.0 4.96 117.40 122.36 NOTE
r-release-windows-ix86+x86_64 2.2.0 15.00 136.00 151.00 OK
r-release-osx-x86_64 2.2.0 OK
r-oldrel-windows-ix86+x86_64 2.2.0 7.00 182.00 189.00 OK
r-oldrel-osx-x86_64 2.2.0 OK

Check Details

Version: 2.2.0
Check: package dependencies
Result: NOTE
    Package suggested but not available for checking: ‘rstanarm’
Flavor: r-release-linux-x86_64