CRAN Package Check Results for Package localModel

Last updated on 2020-04-25 01:53:06 CEST.

Flavor Version Tinstall Tcheck Ttotal Status Flags
r-devel-linux-x86_64-debian-clang 0.3.12 4.53 73.17 77.70 OK
r-devel-linux-x86_64-debian-gcc 0.3.12 3.57 55.94 59.51 OK
r-devel-linux-x86_64-fedora-clang 0.3.12 94.17 OK
r-devel-linux-x86_64-fedora-gcc 0.3.12 99.31 OK
r-devel-windows-ix86+x86_64 0.3.12 22.00 88.00 110.00 OK
r-patched-linux-x86_64 0.3.12 3.66 70.15 73.81 OK
r-patched-osx-x86_64 0.3.12 WARN
r-patched-solaris-x86 0.3.12 141.70 OK
r-release-linux-x86_64 0.3.12 3.84 65.09 68.93 OK
r-release-windows-ix86+x86_64 0.3.12 17.00 122.00 139.00 OK
r-release-osx-x86_64 0.3.12 OK
r-oldrel-windows-ix86+x86_64 0.3.12 6.00 84.00 90.00 OK
r-oldrel-osx-x86_64 0.3.12 OK

Check Details

Version: 0.3.12
Check: re-building of vignette outputs
Result: WARN
    Error(s) in re-building vignettes:
    --- re-building ‘classification_example.Rmd’ using rmarkdown
    Welcome to DALEX (version: 1.0.1).
    Find examples and detailed introduction at: https://pbiecek.github.io/ema/
    
    randomForest 4.6-14
    Type rfNews() to see new features/changes/bug fixes.
    dyld: lazy symbol binding failed: Symbol not found: ____chkstk_darwin
     Referenced from: /usr/local/bin/pandoc (which was built for Mac OS X 10.15)
     Expected in: /usr/lib/libSystem.B.dylib
    
    dyld: Symbol not found: ____chkstk_darwin
     Referenced from: /usr/local/bin/pandoc (which was built for Mac OS X 10.15)
     Expected in: /usr/lib/libSystem.B.dylib
    
    Error: processing vignette 'classification_example.Rmd' failed with diagnostics:
    pandoc document conversion failed with error 6
    --- failed re-building ‘classification_example.Rmd’
    
    --- re-building ‘localModel_methodology.Rmd’ using rmarkdown
    dyld: lazy symbol binding failed: Symbol not found: ____chkstk_darwin
     Referenced from: /usr/local/bin/pandoc (which was built for Mac OS X 10.15)
     Expected in: /usr/lib/libSystem.B.dylib
    
    dyld: Symbol not found: ____chkstk_darwin
     Referenced from: /usr/local/bin/pandoc (which was built for Mac OS X 10.15)
     Expected in: /usr/lib/libSystem.B.dylib
    
    Error: processing vignette 'localModel_methodology.Rmd' failed with diagnostics:
    pandoc document conversion failed with error 6
    --- failed re-building ‘localModel_methodology.Rmd’
    
    --- re-building ‘regression_example.Rmd’ using rmarkdown
    Welcome to DALEX (version: 1.0.1).
    Find examples and detailed introduction at: https://pbiecek.github.io/ema/
    
    randomForest 4.6-14
    Type rfNews() to see new features/changes/bug fixes.
    dyld: lazy symbol binding failed: Symbol not found: ____chkstk_darwin
     Referenced from: /usr/local/bin/pandoc (which was built for Mac OS X 10.15)
     Expected in: /usr/lib/libSystem.B.dylib
    
    dyld: Symbol not found: ____chkstk_darwin
     Referenced from: /usr/local/bin/pandoc (which was built for Mac OS X 10.15)
     Expected in: /usr/lib/libSystem.B.dylib
    
    Error: processing vignette 'regression_example.Rmd' failed with diagnostics:
    pandoc document conversion failed with error 6
    --- failed re-building ‘regression_example.Rmd’
    
    SUMMARY: processing the following files failed:
     ‘classification_example.Rmd’ ‘localModel_methodology.Rmd’
     ‘regression_example.Rmd’
    
    Error: Vignette re-building failed.
    Execution halted
Flavor: r-patched-osx-x86_64