CRAN Package Check Results for Package lmeresampler

Last updated on 2020-04-25 01:53:06 CEST.

Flavor Version Tinstall Tcheck Ttotal Status Flags
r-devel-linux-x86_64-debian-clang 0.1.1 8.48 78.52 87.00 OK
r-devel-linux-x86_64-debian-gcc 0.1.1 8.56 61.35 69.91 OK
r-devel-linux-x86_64-fedora-clang 0.1.1 104.92 NOTE
r-devel-linux-x86_64-fedora-gcc 0.1.1 106.60 NOTE
r-devel-windows-ix86+x86_64 0.1.1 31.00 87.00 118.00 OK
r-patched-linux-x86_64 0.1.1 7.79 75.47 83.26 OK
r-patched-osx-x86_64 0.1.1 NOTE
r-patched-solaris-x86 0.1.1 154.80 NOTE
r-release-linux-x86_64 0.1.1 7.86 66.96 74.82 OK
r-release-windows-ix86+x86_64 0.1.1 23.00 77.00 100.00 OK
r-release-osx-x86_64 0.1.1 NOTE
r-oldrel-windows-ix86+x86_64 0.1.1 10.00 108.00 118.00 OK
r-oldrel-osx-x86_64 0.1.1 NOTE

Check Details

Version: 0.1.1
Check: dependencies in R code
Result: NOTE
    Namespace in Imports field not imported from: ‘boot’
     All declared Imports should be used.
Flavors: r-devel-linux-x86_64-fedora-clang, r-devel-linux-x86_64-fedora-gcc, r-patched-osx-x86_64, r-patched-solaris-x86, r-release-osx-x86_64, r-oldrel-osx-x86_64