CRAN Package Check Results for Package lisp

Last updated on 2020-04-25 01:53:06 CEST.

Flavor Version Tinstall Tcheck Ttotal Status Flags
r-devel-linux-x86_64-debian-clang 0.1 1.94 18.24 20.18 NOTE
r-devel-linux-x86_64-debian-gcc 0.1 1.55 14.86 16.41 NOTE
r-devel-linux-x86_64-fedora-clang 0.1 26.33 NOTE
r-devel-linux-x86_64-fedora-gcc 0.1 25.26 NOTE
r-devel-windows-ix86+x86_64 0.1 6.00 33.00 39.00 NOTE
r-patched-linux-x86_64 0.1 1.55 18.31 19.86 NOTE
r-patched-osx-x86_64 0.1 NOTE
r-patched-solaris-x86 0.1 39.90 NOTE
r-release-linux-x86_64 0.1 1.57 16.94 18.51 NOTE
r-release-windows-ix86+x86_64 0.1 4.00 32.00 36.00 NOTE
r-release-osx-x86_64 0.1 NOTE
r-oldrel-windows-ix86+x86_64 0.1 2.00 47.00 49.00 NOTE
r-oldrel-osx-x86_64 0.1 NOTE

Check Details

Version: 0.1
Check: top-level files
Result: NOTE
    Non-standard file/directory found at top level:
     'package.R'
Flavors: r-devel-linux-x86_64-debian-clang, r-devel-linux-x86_64-debian-gcc, r-devel-linux-x86_64-fedora-clang, r-devel-linux-x86_64-fedora-gcc, r-patched-linux-x86_64, r-release-linux-x86_64

Version: 0.1
Check: R code for possible problems
Result: NOTE
    last: no visible global function definition for 'tail'
    Undefined global functions or variables:
     tail
    Consider adding
     importFrom("utils", "tail")
    to your NAMESPACE file.
Flavors: r-devel-linux-x86_64-debian-clang, r-devel-linux-x86_64-debian-gcc, r-devel-linux-x86_64-fedora-clang, r-devel-linux-x86_64-fedora-gcc, r-devel-windows-ix86+x86_64, r-patched-linux-x86_64, r-patched-osx-x86_64, r-patched-solaris-x86, r-release-linux-x86_64, r-release-windows-ix86+x86_64, r-release-osx-x86_64, r-oldrel-windows-ix86+x86_64, r-oldrel-osx-x86_64