Last updated on 2020-04-25 01:53:06 CEST.
Flavor | Version | Tinstall | Tcheck | Ttotal | Status | Flags |
---|---|---|---|---|---|---|
r-devel-linux-x86_64-debian-clang | 0.5.1 | 50.34 | 184.81 | 235.15 | OK | |
r-devel-linux-x86_64-debian-gcc | 0.5.1 | 30.14 | 153.19 | 183.33 | OK | |
r-devel-linux-x86_64-fedora-clang | 0.5.1 | 306.79 | OK | |||
r-devel-linux-x86_64-fedora-gcc | 0.5.1 | 313.39 | OK | |||
r-devel-windows-ix86+x86_64 | 0.5.1 | 135.00 | 319.00 | 454.00 | OK | |
r-patched-linux-x86_64 | 0.5.1 | 36.42 | 191.30 | 227.72 | OK | |
r-patched-osx-x86_64 | 0.5.1 | WARN | ||||
r-patched-solaris-x86 | 0.5.1 | 629.80 | WARN | |||
r-release-linux-x86_64 | 0.5.1 | 34.72 | 181.76 | 216.48 | OK | |
r-release-windows-ix86+x86_64 | 0.5.1 | 126.00 | 305.00 | 431.00 | OK | |
r-release-osx-x86_64 | 0.5.1 | WARN | ||||
r-oldrel-windows-ix86+x86_64 | 0.5.1 | 72.00 | 407.00 | 479.00 | OK | |
r-oldrel-osx-x86_64 | 0.5.1 | WARN |
Version: 0.5.1
Check: re-building of vignette outputs
Result: WARN
Error(s) in re-building vignettes:
...
--- re-building ‘Understanding_lime.Rmd’ using rmarkdown
dyld: lazy symbol binding failed: Symbol not found: ____chkstk_darwin
Referenced from: /usr/local/bin/pandoc (which was built for Mac OS X 10.15)
Expected in: /usr/lib/libSystem.B.dylib
dyld: Symbol not found: ____chkstk_darwin
Referenced from: /usr/local/bin/pandoc (which was built for Mac OS X 10.15)
Expected in: /usr/lib/libSystem.B.dylib
Error: processing vignette 'Understanding_lime.Rmd' failed with diagnostics:
pandoc document conversion failed with error 6
--- failed re-building ‘Understanding_lime.Rmd’
SUMMARY: processing the following file failed:
‘Understanding_lime.Rmd’
Error: Vignette re-building failed.
Execution halted
Flavor: r-patched-osx-x86_64
Version: 0.5.1
Check: re-building of vignette outputs
Result: WARN
Error(s) in re-building vignettes:
...
--- re-building ‘Understanding_lime.Rmd’ using rmarkdown
Warning in engine$weave(file, quiet = quiet, encoding = enc) :
Pandoc (>= 1.12.3) and/or pandoc-citeproc not available. Falling back to R Markdown v1.
Quitting from lines 262-263 (Understanding_lime.Rmd)
Error: processing vignette 'Understanding_lime.Rmd' failed with diagnostics:
there is no package called 'webshot'
--- failed re-building ‘Understanding_lime.Rmd’
SUMMARY: processing the following file failed:
‘Understanding_lime.Rmd’
Error: Vignette re-building failed.
Execution halted
Flavor: r-patched-solaris-x86
Version: 0.5.1
Check: re-building of vignette outputs
Result: WARN
Error(s) in re-building vignettes:
...
--- re-building ‘Understanding_lime.Rmd’ using rmarkdown
Warning in engine$weave(file, quiet = quiet, encoding = enc) :
Pandoc (>= 1.12.3) and/or pandoc-citeproc not available. Falling back to R Markdown v1.
Quitting from lines 262-263 (Understanding_lime.Rmd)
Error: processing vignette 'Understanding_lime.Rmd' failed with diagnostics:
cannot open the connection
--- failed re-building ‘Understanding_lime.Rmd’
SUMMARY: processing the following file failed:
‘Understanding_lime.Rmd’
Error: Vignette re-building failed.
Execution halted
Flavor: r-release-osx-x86_64
Version: 0.5.1
Check: re-building of vignette outputs
Result: WARN
Error in re-building vignettes:
...
Warning in engine$weave(file, quiet = quiet, encoding = enc) :
Pandoc (>= 1.12.3) and/or pandoc-citeproc not available. Falling back to R Markdown v1.
Quitting from lines 262-263 (Understanding_lime.Rmd)
Error: processing vignette 'Understanding_lime.Rmd' failed with diagnostics:
cannot open the connection
Execution halted
Flavor: r-oldrel-osx-x86_64