CRAN Package Check Results for Package lillies

Last updated on 2020-04-25 01:53:06 CEST.

Flavor Version Tinstall Tcheck Ttotal Status Flags
r-devel-linux-x86_64-debian-clang 0.2.7 4.72 69.86 74.58 OK
r-devel-linux-x86_64-debian-gcc 0.2.7 3.67 54.37 58.04 OK
r-devel-linux-x86_64-fedora-clang 0.2.7 87.87 NOTE
r-devel-linux-x86_64-fedora-gcc 0.2.7 89.77 NOTE
r-devel-windows-ix86+x86_64 0.2.7 15.00 82.00 97.00 OK
r-patched-linux-x86_64 0.2.7 5.29 68.26 73.55 OK
r-patched-osx-x86_64 0.2.7 NOTE
r-patched-solaris-x86 0.2.7 125.90 NOTE
r-release-linux-x86_64 0.2.7 4.71 65.15 69.86 OK
r-release-windows-ix86+x86_64 0.2.7 10.00 81.00 91.00 OK
r-release-osx-x86_64 0.2.7 NOTE
r-oldrel-windows-ix86+x86_64 0.2.7 6.00 108.00 114.00 OK
r-oldrel-osx-x86_64 0.2.7 NOTE

Check Details

Version: 0.2.7
Check: dependencies in R code
Result: NOTE
    Namespace in Imports field not imported from: ‘ddpcr’
     All declared Imports should be used.
Flavors: r-devel-linux-x86_64-fedora-clang, r-devel-linux-x86_64-fedora-gcc, r-patched-osx-x86_64, r-patched-solaris-x86, r-release-osx-x86_64, r-oldrel-osx-x86_64