CRAN Package Check Results for Package likeLTD

Last updated on 2020-04-25 01:53:06 CEST.

Flavor Version Tinstall Tcheck Ttotal Status Flags
r-devel-linux-x86_64-debian-clang 6.3.0 27.07 115.77 142.84 OK
r-devel-linux-x86_64-debian-gcc 6.3.0 20.04 84.98 105.02 OK
r-devel-linux-x86_64-fedora-clang 6.3.0 144.54 OK
r-devel-linux-x86_64-fedora-gcc 6.3.0 133.26 OK
r-devel-windows-ix86+x86_64 6.3.0 58.00 126.00 184.00 OK
r-patched-linux-x86_64 6.3.0 22.59 109.59 132.18 OK
r-patched-osx-x86_64 6.3.0 OK
r-patched-solaris-x86 6.3.0 208.70 OK
r-release-linux-x86_64 6.3.0 22.00 102.03 124.03 OK
r-release-windows-ix86+x86_64 6.3.0 66.00 171.00 237.00 OK
r-release-osx-x86_64 6.3.0 FAIL
r-oldrel-windows-ix86+x86_64 6.3.0 36.00 128.00 164.00 OK
r-oldrel-osx-x86_64 6.3.0 OK

Check Details

Version: 6.3.0
Check: whether package can be installed
Result: FAIL
Flavor: r-release-osx-x86_64