CRAN Package Check Results for Package lightr

Last updated on 2020-04-25 01:53:06 CEST.

Flavor Version Tinstall Tcheck Ttotal Status Flags
r-devel-linux-x86_64-debian-clang 1.1 3.82 72.53 76.35 OK
r-devel-linux-x86_64-debian-gcc 1.1 3.53 56.79 60.32 OK
r-devel-linux-x86_64-fedora-clang 1.1 96.72 OK
r-devel-linux-x86_64-fedora-gcc 1.1 95.55 OK
r-devel-windows-ix86+x86_64 1.1 15.00 87.00 102.00 OK
r-patched-linux-x86_64 1.1 4.39 73.84 78.23 OK
r-patched-osx-x86_64 1.1 WARN
r-patched-solaris-x86 1.1 134.70 OK
r-release-linux-x86_64 1.1 3.10 69.32 72.42 OK
r-release-windows-ix86+x86_64 1.1 10.00 83.00 93.00 OK
r-release-osx-x86_64 1.1 OK
r-oldrel-windows-ix86+x86_64 1.1 5.00 91.00 96.00 OK
r-oldrel-osx-x86_64 1.0 WARN

Additional issues

noLD

Check Details

Version: 1.1
Check: re-building of vignette outputs
Result: WARN
    Error(s) in re-building vignettes:
    --- re-building ‘batch_import.Rmd’ using rmarkdown
    dyld: lazy symbol binding failed: Symbol not found: ____chkstk_darwin
     Referenced from: /usr/local/bin/pandoc (which was built for Mac OS X 10.15)
     Expected in: /usr/lib/libSystem.B.dylib
    
    dyld: Symbol not found: ____chkstk_darwin
     Referenced from: /usr/local/bin/pandoc (which was built for Mac OS X 10.15)
     Expected in: /usr/lib/libSystem.B.dylib
    
    Error: processing vignette 'batch_import.Rmd' failed with diagnostics:
    pandoc document conversion failed with error 6
    --- failed re-building ‘batch_import.Rmd’
    
    --- re-building ‘renormalise.Rmd’ using rmarkdown
    dyld: lazy symbol binding failed: Symbol not found: ____chkstk_darwin
     Referenced from: /usr/local/bin/pandoc (which was built for Mac OS X 10.15)
     Expected in: /usr/lib/libSystem.B.dylib
    
    dyld: Symbol not found: ____chkstk_darwin
     Referenced from: /usr/local/bin/pandoc (which was built for Mac OS X 10.15)
     Expected in: /usr/lib/libSystem.B.dylib
    
    Error: processing vignette 'renormalise.Rmd' failed with diagnostics:
    pandoc document conversion failed with error 6
    --- failed re-building ‘renormalise.Rmd’
    
    --- re-building ‘true_example.Rmd’ using rmarkdown
    dyld: lazy symbol binding failed: Symbol not found: ____chkstk_darwin
     Referenced from: /usr/local/bin/pandoc (which was built for Mac OS X 10.15)
     Expected in: /usr/lib/libSystem.B.dylib
    
    dyld: Symbol not found: ____chkstk_darwin
     Referenced from: /usr/local/bin/pandoc (which was built for Mac OS X 10.15)
     Expected in: /usr/lib/libSystem.B.dylib
    
    Error: processing vignette 'true_example.Rmd' failed with diagnostics:
    pandoc document conversion failed with error 6
    --- failed re-building ‘true_example.Rmd’
    
    SUMMARY: processing the following files failed:
     ‘batch_import.Rmd’ ‘renormalise.Rmd’ ‘true_example.Rmd’
    
    Error: Vignette re-building failed.
    Execution halted
Flavor: r-patched-osx-x86_64

Version: 1.0
Check: re-building of vignette outputs
Result: WARN
    Error in re-building vignettes:
     ...
    Warning in engine$weave(file, quiet = quiet, encoding = enc) :
     Pandoc (>= 1.12.3) and/or pandoc-citeproc not available. Falling back to R Markdown v1.
    Warning in engine$weave(file, quiet = quiet, encoding = enc) :
     Pandoc (>= 1.12.3) and/or pandoc-citeproc not available. Falling back to R Markdown v1.
    Warning in engine$weave(file, quiet = quiet, encoding = enc) :
     Pandoc (>= 1.12.3) and/or pandoc-citeproc not available. Falling back to R Markdown v1.
    Quitting from lines 59-62 (true_example.Rmd)
    Error: processing vignette 'true_example.Rmd' failed with diagnostics:
    object 'params' not found
    Execution halted
Flavor: r-oldrel-osx-x86_64