Last updated on 2020-04-25 01:53:06 CEST.
Flavor | Version | Tinstall | Tcheck | Ttotal | Status | Flags |
---|---|---|---|---|---|---|
r-devel-linux-x86_64-debian-clang | 1.0 | 33.63 | 83.28 | 116.91 | OK | |
r-devel-linux-x86_64-debian-gcc | 1.0 | 23.44 | 66.15 | 89.59 | OK | |
r-devel-linux-x86_64-fedora-clang | 1.0 | 155.43 | NOTE | |||
r-devel-linux-x86_64-fedora-gcc | 1.0 | 148.37 | OK | |||
r-devel-windows-ix86+x86_64 | 1.0 | 88.00 | 130.00 | 218.00 | NOTE | |
r-patched-linux-x86_64 | 1.0 | 24.66 | 85.36 | 110.02 | OK | |
r-patched-osx-x86_64 | 1.0 | NOTE | ||||
r-patched-solaris-x86 | 1.0 | 178.20 | OK | |||
r-release-linux-x86_64 | 1.0 | 26.82 | 81.09 | 107.91 | OK | |
r-release-windows-ix86+x86_64 | 1.0 | 76.00 | 119.00 | 195.00 | NOTE | |
r-release-osx-x86_64 | 1.0 | NOTE | ||||
r-oldrel-windows-ix86+x86_64 | 1.0 | 44.00 | 152.00 | 196.00 | NOTE | |
r-oldrel-osx-x86_64 | 1.0 | NOTE |
Version: 1.0
Check: installed package size
Result: NOTE
installed size is 5.6Mb
sub-directories of 1Mb or more:
data 3.3Mb
doc 1.2Mb
Flavors: r-devel-linux-x86_64-fedora-clang, r-devel-windows-ix86+x86_64, r-patched-osx-x86_64, r-release-windows-ix86+x86_64, r-release-osx-x86_64, r-oldrel-windows-ix86+x86_64, r-oldrel-osx-x86_64