CRAN Package Check Results for Package legco

Last updated on 2020-04-25 01:53:06 CEST.

Flavor Version Tinstall Tcheck Ttotal Status Flags
r-devel-linux-x86_64-debian-clang 0.1.3 6.40 50.26 56.66 OK
r-devel-linux-x86_64-debian-gcc 0.1.3 5.23 39.71 44.94 OK
r-devel-linux-x86_64-fedora-clang 0.1.3 67.57 NOTE
r-devel-linux-x86_64-fedora-gcc 0.1.3 66.89 NOTE
r-devel-windows-ix86+x86_64 0.1.3 13.00 149.00 162.00 OK
r-patched-linux-x86_64 0.1.3 7.38 49.55 56.93 OK
r-patched-osx-x86_64 0.1.3 WARN
r-patched-solaris-x86 0.1.3 94.00 NOTE
r-release-linux-x86_64 0.1.3 4.97 46.37 51.34 OK
r-release-windows-ix86+x86_64 0.1.3 10.00 143.00 153.00 OK
r-release-osx-x86_64 0.1.3 NOTE
r-oldrel-windows-ix86+x86_64 0.1.3 7.00 157.00 164.00 OK

Check Details

Version: 0.1.3
Check: data for non-ASCII characters
Result: NOTE
     Note: found 51 marked UTF-8 strings
Flavors: r-devel-linux-x86_64-fedora-clang, r-devel-linux-x86_64-fedora-gcc, r-patched-osx-x86_64, r-patched-solaris-x86, r-release-osx-x86_64

Version: 0.1.3
Check: re-building of vignette outputs
Result: WARN
    Error(s) in re-building vignettes:
    --- re-building ‘attn.Rmd’ using rmarkdown
    Retrieving records...
    Retrieved total count of record(s).
    Retrieving records...
    Retrieved 5 record(s). 5 record(s) available in total.
    Retrieving records...
    Retrieved 338 record(s). 338 record(s) available in total.
    Untracing function "form_file" in package "curl"
    dyld: lazy symbol binding failed: Symbol not found: ____chkstk_darwin
     Referenced from: /usr/local/bin/pandoc (which was built for Mac OS X 10.15)
     Expected in: /usr/lib/libSystem.B.dylib
    
    dyld: Symbol not found: ____chkstk_darwin
     Referenced from: /usr/local/bin/pandoc (which was built for Mac OS X 10.15)
     Expected in: /usr/lib/libSystem.B.dylib
    
    Error: processing vignette 'attn.Rmd' failed with diagnostics:
    pandoc document conversion failed with error 6
    --- failed re-building ‘attn.Rmd’
    
    --- re-building ‘bills.Rmd’ using rmarkdown
    Retrieving records...
    Retrieved total count of record(s).
    Retrieving records...
    Retrieved 7 record(s). 7 record(s) available in total.
    Untracing function "form_file" in package "curl"
    dyld: lazy symbol binding failed: Symbol not found: ____chkstk_darwin
     Referenced from: /usr/local/bin/pandoc (which was built for Mac OS X 10.15)
     Expected in: /usr/lib/libSystem.B.dylib
    
    dyld: Symbol not found: ____chkstk_darwin
     Referenced from: /usr/local/bin/pandoc (which was built for Mac OS X 10.15)
     Expected in: /usr/lib/libSystem.B.dylib
    
    Error: processing vignette 'bills.Rmd' failed with diagnostics:
    pandoc document conversion failed with error 6
    --- failed re-building ‘bills.Rmd’
    
    --- re-building ‘hansard.Rmd’ using rmarkdown
    Retrieving records...
    Retrieved total count of record(s).
    Retrieving records...
    Retrieved 2 record(s). 2 record(s) available in total.
    Retrieving records...
    Retrieved 3 record(s). 3 record(s) available in total.
    Retrieving records...
    Retrieved 161 record(s). 161 record(s) available in total.
    Retrieving records...
    Retrieved 125 record(s). 125 record(s) available in total.
    Retrieving records...
    Retrieved 1 record(s). 1 record(s) available in total.
    Retrieving records...
    Retrieved 22 record(s). 22 record(s) available in total.
    Retrieving records...
    Retrieved 1 record(s). 1 record(s) available in total.
    Retrieving records...
    Retrieved 22 record(s). 22 record(s) available in total.
    Retrieving records...
    Retrieved 12 record(s). 12 record(s) available in total.
    Retrieving records...
    Retrieved 3 record(s). 3 record(s) available in total.
    Retrieving records...
    Retrieved 1 record(s). 1 record(s) available in total.
    Retrieving records...
    Retrieved 1 record(s). 1 record(s) available in total.
    Retrieving records...
    Retrieved 1 record(s). 1 record(s) available in total.
    Retrieving records...
    Retrieved 12 record(s). 12 record(s) available in total.
    Retrieving records...
    Retrieved 2 record(s). 2 record(s) available in total.
    Untracing function "form_file" in package "curl"
    dyld: lazy symbol binding failed: Symbol not found: ____chkstk_darwin
     Referenced from: /usr/local/bin/pandoc (which was built for Mac OS X 10.15)
     Expected in: /usr/lib/libSystem.B.dylib
    
    dyld: Symbol not found: ____chkstk_darwin
     Referenced from: /usr/local/bin/pandoc (which was built for Mac OS X 10.15)
     Expected in: /usr/lib/libSystem.B.dylib
    
    Error: processing vignette 'hansard.Rmd' failed with diagnostics:
    pandoc document conversion failed with error 6
    --- failed re-building ‘hansard.Rmd’
    
    --- re-building ‘introduction.Rmd’ using rmarkdown
    Retrieving records...
    The request did not return any data.
    Possible common connection problem resolvable by retrying.
    Retrying...
    The request did not return any data.
    Possible common connection problem resolvable by retrying.
    Retrying...
    Retrieving records...
    Retrieved 12 record(s). 12 record(s) available in total.
    Retrieving records...
    Retrieved 36 record(s). 36 record(s) available in total.
    Retrieving records...
    Retrieved 44 record(s). 44 record(s) available in total.
    Retrieving records...
    Retrieved 19 record(s). 19 record(s) available in total.
    Retrieving records...
    Retrieved 8 record(s). 8 record(s) available in total.
    Retrieving records...
    Retrieved 3 record(s). 3 record(s) available in total.
    Retrieving records...
    Retrieved 68 record(s). 68 record(s) available in total.
    Retrieving records...
    Retrieved 5 record(s). 5 record(s) available in total.
    Retrieving records...
    Retrieved 66 record(s). 66 record(s) available in total.
    Untracing function "form_file" in package "curl"
    dyld: lazy symbol binding failed: Symbol not found: ____chkstk_darwin
     Referenced from: /usr/local/bin/pandoc (which was built for Mac OS X 10.15)
     Expected in: /usr/lib/libSystem.B.dylib
    
    dyld: Symbol not found: ____chkstk_darwin
     Referenced from: /usr/local/bin/pandoc (which was built for Mac OS X 10.15)
     Expected in: /usr/lib/libSystem.B.dylib
    
    Error: processing vignette 'introduction.Rmd' failed with diagnostics:
    pandoc document conversion failed with error 6
    --- failed re-building ‘introduction.Rmd’
    
    --- re-building ‘schedule.Rmd’ using rmarkdown
    Retrieving records...
    Retrieved total count of record(s).
    Retrieving records...
    Retrieved 2 record(s). 2 record(s) available in total.
    Retrieving records...
    Retrieved 4 record(s). 4 record(s) available in total.
    Retrieving records...
    Retrieved 246 record(s). 246 record(s) available in total.
    Retrieving records...
    Retrieved 41 record(s). 41 record(s) available in total.
    Retrieving records...
    Retrieved 159 record(s). 282 record(s) available in total.
    Retrieving records...
    Retrieved 96 record(s). 96 record(s) available in total.
    Retrieving records...
    Retrieved 3 record(s). 3 record(s) available in total.
    Retrieving records...
    Retrieved 3 record(s). 3 record(s) available in total.
    Retrieving records...
    Retrieved 15 record(s). 15 record(s) available in total.
    Untracing function "form_file" in package "curl"
    dyld: lazy symbol binding failed: Symbol not found: ____chkstk_darwin
     Referenced from: /usr/local/bin/pandoc (which was built for Mac OS X 10.15)
     Expected in: /usr/lib/libSystem.B.dylib
    
    dyld: Symbol not found: ____chkstk_darwin
     Referenced from: /usr/local/bin/pandoc (which was built for Mac OS X 10.15)
     Expected in: /usr/lib/libSystem.B.dylib
    
    Error: processing vignette 'schedule.Rmd' failed with diagnostics:
    pandoc document conversion failed with error 6
    --- failed re-building ‘schedule.Rmd’
    
    --- re-building ‘voting.Rmd’ using rmarkdown
    Retrieving records...
    Retrieved total count of record(s).
    Retrieving records...
    Retrieved 68 record(s). 68 record(s) available in total.
    Retrieving records...
    Retrieved 56 record(s). 56 record(s) available in total.
    Untracing function "form_file" in package "curl"
    dyld: lazy symbol binding failed: Symbol not found: ____chkstk_darwin
     Referenced from: /usr/local/bin/pandoc (which was built for Mac OS X 10.15)
     Expected in: /usr/lib/libSystem.B.dylib
    
    dyld: Symbol not found: ____chkstk_darwin
     Referenced from: /usr/local/bin/pandoc (which was built for Mac OS X 10.15)
     Expected in: /usr/lib/libSystem.B.dylib
    
    Error: processing vignette 'voting.Rmd' failed with diagnostics:
    pandoc document conversion failed with error 6
    --- failed re-building ‘voting.Rmd’
    
    SUMMARY: processing the following files failed:
     ‘attn.Rmd’ ‘bills.Rmd’ ‘hansard.Rmd’ ‘introduction.Rmd’
     ‘schedule.Rmd’ ‘voting.Rmd’
    
    Error: Vignette re-building failed.
    Execution halted
Flavor: r-patched-osx-x86_64