CRAN Package Check Results for Package lda.svi

Last updated on 2020-04-25 01:53:06 CEST.

Flavor Version Tinstall Tcheck Ttotal Status Flags
r-devel-linux-x86_64-debian-clang 0.1.0 61.20 28.77 89.97 WARN
r-devel-linux-x86_64-debian-gcc 0.1.0 38.97 23.54 62.51 OK
r-devel-linux-x86_64-fedora-clang 0.1.0 130.36 WARN
r-devel-linux-x86_64-fedora-gcc 0.1.0 110.88 NOTE
r-devel-windows-ix86+x86_64 0.1.0 157.00 68.00 225.00 OK
r-patched-linux-x86_64 0.1.0 48.61 28.48 77.09 OK
r-patched-osx-x86_64 0.1.0 WARN
r-patched-solaris-x86 0.1.0 112.40 NOTE
r-release-linux-x86_64 0.1.0 45.01 26.92 71.93 OK
r-release-windows-ix86+x86_64 0.1.0 143.00 59.00 202.00 OK
r-release-osx-x86_64 0.1.0 WARN
r-oldrel-windows-ix86+x86_64 0.1.0 100.00 67.00 167.00 OK
r-oldrel-osx-x86_64 0.1.0 WARN

Additional issues

valgrind

Check Details

Version: 0.1.0
Check: whether package can be installed
Result: WARN
    Found the following significant warnings:
     ./lda_svi.h:1:9: warning: '_lda_svi_guard' is used as a header guard here, followed by #define of a different macro [-Wheader-guard]
Flavors: r-devel-linux-x86_64-debian-clang, r-devel-linux-x86_64-fedora-clang, r-patched-osx-x86_64, r-release-osx-x86_64, r-oldrel-osx-x86_64

Version: 0.1.0
Check: dependencies in R code
Result: NOTE
    Namespaces in Imports field not imported from:
     ‘Rdpack’ ‘tm’
     All declared Imports should be used.
Flavors: r-devel-linux-x86_64-fedora-clang, r-devel-linux-x86_64-fedora-gcc, r-patched-osx-x86_64, r-patched-solaris-x86, r-release-osx-x86_64, r-oldrel-osx-x86_64