Last updated on 2020-04-25 01:53:06 CEST.
Flavor | Version | Tinstall | Tcheck | Ttotal | Status | Flags |
---|---|---|---|---|---|---|
r-devel-linux-x86_64-debian-clang | 0.2.0.1 | 2.89 | 30.70 | 33.59 | OK | |
r-devel-linux-x86_64-debian-gcc | 0.2.0.1 | 2.37 | 25.19 | 27.56 | OK | |
r-devel-linux-x86_64-fedora-clang | 0.2.0.1 | 42.58 | OK | |||
r-devel-linux-x86_64-fedora-gcc | 0.2.0.1 | 41.20 | OK | |||
r-devel-windows-ix86+x86_64 | 0.2.0.1 | 9.00 | 45.00 | 54.00 | OK | |
r-patched-linux-x86_64 | 0.2.0.1 | 2.83 | 30.73 | 33.56 | OK | |
r-patched-osx-x86_64 | 0.2.0.1 | WARN | ||||
r-patched-solaris-x86 | 0.2.0.1 | 61.80 | OK | |||
r-release-linux-x86_64 | 0.2.0.1 | 2.40 | 28.59 | 30.99 | OK | |
r-release-windows-ix86+x86_64 | 0.2.0.1 | 8.00 | 44.00 | 52.00 | OK | |
r-release-osx-x86_64 | 0.2.0.1 | OK | ||||
r-oldrel-windows-ix86+x86_64 | 0.2.0.1 | 3.00 | 55.00 | 58.00 | OK | |
r-oldrel-osx-x86_64 | 0.2.0.1 | OK |
Version: 0.2.0.1
Check: re-building of vignette outputs
Result: WARN
Error(s) in re-building vignettes:
...
--- re-building ‘lazy_example.Rmd’ using rmarkdown
dyld: lazy symbol binding failed: Symbol not found: ____chkstk_darwin
Referenced from: /usr/local/bin/pandoc (which was built for Mac OS X 10.15)
Expected in: /usr/lib/libSystem.B.dylib
dyld: Symbol not found: ____chkstk_darwin
Referenced from: /usr/local/bin/pandoc (which was built for Mac OS X 10.15)
Expected in: /usr/lib/libSystem.B.dylib
Error: processing vignette 'lazy_example.Rmd' failed with diagnostics:
pandoc document conversion failed with error 6
--- failed re-building ‘lazy_example.Rmd’
SUMMARY: processing the following file failed:
‘lazy_example.Rmd’
Error: Vignette re-building failed.
Execution halted
Flavor: r-patched-osx-x86_64