Last updated on 2020-04-25 01:53:06 CEST.
Flavor | Version | Tinstall | Tcheck | Ttotal | Status | Flags |
---|---|---|---|---|---|---|
r-devel-linux-x86_64-debian-clang | 1.1.0 | 7.51 | 202.78 | 210.29 | OK | |
r-devel-linux-x86_64-debian-gcc | 1.1.0 | 5.69 | 152.40 | 158.09 | OK | |
r-devel-linux-x86_64-fedora-clang | 1.1.0 | 242.53 | OK | |||
r-devel-linux-x86_64-fedora-gcc | 1.1.0 | 240.84 | OK | |||
r-devel-windows-ix86+x86_64 | 1.1.0 | 25.00 | 209.00 | 234.00 | OK | |
r-patched-linux-x86_64 | 1.1.0 | 5.39 | 199.63 | 205.02 | OK | |
r-patched-osx-x86_64 | 1.1.0 | WARN | ||||
r-patched-solaris-x86 | 1.1.0 | 352.00 | OK | |||
r-release-linux-x86_64 | 1.1.0 | 3.84 | 180.02 | 183.86 | OK | |
r-release-windows-ix86+x86_64 | 1.1.0 | 20.00 | 182.00 | 202.00 | OK | |
r-release-osx-x86_64 | 1.1.0 | OK | ||||
r-oldrel-windows-ix86+x86_64 | 1.1.0 | 9.00 | 259.00 | 268.00 | OK | |
r-oldrel-osx-x86_64 | 1.1.0 | OK |
Version: 1.1.0
Check: package dependencies
Result: NOTE
Package suggested but not available for checking: ‘texmex’
Flavor: r-patched-osx-x86_64
Version: 1.1.0
Check: Rd cross-references
Result: NOTE
Package unavailable to check Rd xrefs: ‘texmex’
Flavor: r-patched-osx-x86_64
Version: 1.1.0
Check: re-building of vignette outputs
Result: WARN
Error(s) in re-building vignettes:
--- re-building ‘lax-vignette.Rmd’ using rmarkdown
Attaching package: 'extRemes'
The following objects are masked from 'package:stats':
qqnorm, qqplot
dyld: lazy symbol binding failed: Symbol not found: ____chkstk_darwin
Referenced from: /usr/local/bin/pandoc (which was built for Mac OS X 10.15)
Expected in: /usr/lib/libSystem.B.dylib
dyld: Symbol not found: ____chkstk_darwin
Referenced from: /usr/local/bin/pandoc (which was built for Mac OS X 10.15)
Expected in: /usr/lib/libSystem.B.dylib
Error: processing vignette 'lax-vignette.Rmd' failed with diagnostics:
pandoc document conversion failed with error 6
--- failed re-building ‘lax-vignette.Rmd’
SUMMARY: processing the following file failed:
‘lax-vignette.Rmd’
Error: Vignette re-building failed.
Execution halted
Flavor: r-patched-osx-x86_64