CRAN Package Check Results for Package latticeExtra

Last updated on 2020-04-25 01:53:06 CEST.

Flavor Version Tinstall Tcheck Ttotal Status Flags
r-devel-linux-x86_64-debian-clang 0.6-29 8.49 78.56 87.05 OK
r-devel-linux-x86_64-debian-gcc 0.6-29 5.95 60.47 66.42 OK
r-devel-linux-x86_64-fedora-clang 0.6-29 99.82 OK
r-devel-linux-x86_64-fedora-gcc 0.6-29 102.04 OK
r-devel-windows-ix86+x86_64 0.6-29 17.00 93.00 110.00 OK
r-patched-linux-x86_64 0.6-29 7.55 77.39 84.94 OK
r-patched-osx-x86_64 0.6-29 OK
r-patched-solaris-x86 0.6-29 137.70 OK
r-release-linux-x86_64 0.6-29 6.22 75.89 82.11 OK
r-release-windows-ix86+x86_64 0.6-29 16.00 87.00 103.00 OK
r-release-osx-x86_64 0.6-29 OK
r-oldrel-windows-ix86+x86_64 0.6-28 10.00 115.00 125.00 OK
r-oldrel-osx-x86_64 0.6-29 ERROR

Check Details

Version: 0.6-29
Check: whether package can be installed
Result: ERROR
    Installation failed.
Flavor: r-oldrel-osx-x86_64