CRAN Package Check Results for Package landpred

Last updated on 2020-04-25 01:53:06 CEST.

Flavor Version Tinstall Tcheck Ttotal Status Flags
r-devel-linux-x86_64-debian-clang 1.0 6.89 59.40 66.29 NOTE
r-devel-linux-x86_64-debian-gcc 1.0 5.43 49.19 54.62 NOTE
r-devel-linux-x86_64-fedora-clang 1.0 82.06 NOTE
r-devel-linux-x86_64-fedora-gcc 1.0 82.72 NOTE
r-devel-windows-ix86+x86_64 1.0 19.00 65.00 84.00 NOTE
r-patched-linux-x86_64 1.0 8.49 60.09 68.58 NOTE
r-patched-osx-x86_64 1.0 NOTE
r-patched-solaris-x86 1.0 124.40 NOTE
r-release-linux-x86_64 1.0 7.33 55.34 62.67 NOTE
r-release-windows-ix86+x86_64 1.0 15.00 63.00 78.00 NOTE
r-release-osx-x86_64 1.0 NOTE
r-oldrel-windows-ix86+x86_64 1.0 8.00 84.00 92.00 NOTE
r-oldrel-osx-x86_64 1.0 NOTE

Check Details

Version: 1.0
Check: R code for possible problems
Result: NOTE
    Kern.FUN: no visible global function definition for 'dnorm'
    Prob.Covariate.ShortEvent: no visible global function definition for
     'bw.nrd'
    optimize.mse.BW: no visible global function definition for 'optimize'
    Undefined global functions or variables:
     bw.nrd dnorm optimize
    Consider adding
     importFrom("stats", "bw.nrd", "dnorm", "optimize")
    to your NAMESPACE file.
Flavors: r-devel-linux-x86_64-debian-clang, r-devel-linux-x86_64-debian-gcc, r-devel-linux-x86_64-fedora-clang, r-devel-linux-x86_64-fedora-gcc, r-devel-windows-ix86+x86_64, r-patched-linux-x86_64, r-patched-osx-x86_64, r-patched-solaris-x86, r-release-linux-x86_64, r-release-windows-ix86+x86_64, r-release-osx-x86_64, r-oldrel-windows-ix86+x86_64, r-oldrel-osx-x86_64