CRAN Package Check Results for Package labelrank

Last updated on 2020-04-25 01:53:06 CEST.

Flavor Version Tinstall Tcheck Ttotal Status Flags
r-devel-linux-x86_64-debian-clang 0.1 1.65 22.52 24.17 NOTE
r-devel-linux-x86_64-debian-gcc 0.1 1.59 18.06 19.65 NOTE
r-devel-linux-x86_64-fedora-clang 0.1 31.23 OK
r-devel-linux-x86_64-fedora-gcc 0.1 31.50 OK
r-devel-windows-ix86+x86_64 0.1 7.00 36.00 43.00 NOTE
r-patched-linux-x86_64 0.1 1.91 22.83 24.74 NOTE
r-patched-osx-x86_64 0.1 OK
r-patched-solaris-x86 0.1 47.10 OK
r-release-linux-x86_64 0.1 1.62 21.04 22.66 OK
r-release-windows-ix86+x86_64 0.1 8.00 37.00 45.00 OK
r-release-osx-x86_64 0.1 OK
r-oldrel-windows-ix86+x86_64 0.1 2.00 46.00 48.00 OK
r-oldrel-osx-x86_64 0.1 OK

Check Details

Version: 0.1
Check: package vignettes
Result: NOTE
    Package vignette with placeholder title 'Vignette Title':
     'labelrank.Rmd'
Flavors: r-devel-linux-x86_64-debian-clang, r-devel-linux-x86_64-debian-gcc, r-devel-windows-ix86+x86_64, r-patched-linux-x86_64