CRAN Package Check Results for Package labelled

Last updated on 2020-04-25 01:53:06 CEST.

Flavor Version Tinstall Tcheck Ttotal Status Flags
r-devel-linux-x86_64-debian-clang 2.2.2 5.67 50.95 56.62 OK
r-devel-linux-x86_64-debian-gcc 2.2.2 4.68 39.16 43.84 OK
r-devel-linux-x86_64-fedora-clang 2.2.2 68.93 OK
r-devel-linux-x86_64-fedora-gcc 2.2.2 67.40 OK
r-devel-windows-ix86+x86_64 2.2.2 21.00 67.00 88.00 OK
r-patched-linux-x86_64 2.2.2 4.52 49.28 53.80 OK
r-patched-osx-x86_64 2.2.2 WARN
r-patched-solaris-x86 2.2.2 95.00 OK
r-release-linux-x86_64 2.2.2 4.20 45.07 49.27 OK
r-release-windows-ix86+x86_64 2.2.2 18.00 65.00 83.00 OK
r-release-osx-x86_64 2.2.2 OK
r-oldrel-windows-ix86+x86_64 2.2.2 6.00 82.00 88.00 OK
r-oldrel-osx-x86_64 2.2.2 OK

Check Details

Version: 2.2.2
Check: re-building of vignette outputs
Result: WARN
    Error(s) in re-building vignettes:
     ...
    --- re-building ‘intro_labelled.Rmd’ using rmarkdown
    dyld: lazy symbol binding failed: Symbol not found: ____chkstk_darwin
     Referenced from: /usr/local/bin/pandoc (which was built for Mac OS X 10.15)
     Expected in: /usr/lib/libSystem.B.dylib
    
    dyld: Symbol not found: ____chkstk_darwin
     Referenced from: /usr/local/bin/pandoc (which was built for Mac OS X 10.15)
     Expected in: /usr/lib/libSystem.B.dylib
    
    Error: processing vignette 'intro_labelled.Rmd' failed with diagnostics:
    pandoc document conversion failed with error 6
    --- failed re-building ‘intro_labelled.Rmd’
    
    SUMMARY: processing the following file failed:
     ‘intro_labelled.Rmd’
    
    Error: Vignette re-building failed.
    Execution halted
Flavor: r-patched-osx-x86_64