Last updated on 2020-04-25 01:53:06 CEST.
Flavor | Version | Tinstall | Tcheck | Ttotal | Status | Flags |
---|---|---|---|---|---|---|
r-devel-linux-x86_64-debian-clang | 1.4.1 | 20.60 | 24.65 | 45.25 | NOTE | |
r-devel-linux-x86_64-debian-gcc | 1.4.1 | 13.48 | 20.12 | 33.60 | NOTE | |
r-devel-linux-x86_64-fedora-clang | 1.4.1 | 63.23 | NOTE | |||
r-devel-linux-x86_64-fedora-gcc | 1.4.1 | 59.61 | NOTE | |||
r-devel-windows-ix86+x86_64 | 1.4.1 | 57.00 | 62.00 | 119.00 | OK | |
r-patched-linux-x86_64 | 1.4.1 | 18.25 | 25.28 | 43.53 | NOTE | |
r-patched-osx-x86_64 | 1.4.1 | OK | ||||
r-patched-solaris-x86 | 1.4.1 | 70.20 | NOTE | |||
r-release-linux-x86_64 | 1.4.1 | 17.98 | 23.18 | 41.16 | OK | |
r-release-windows-ix86+x86_64 | 1.4.1 | 55.00 | 58.00 | 113.00 | OK | |
r-release-osx-x86_64 | 1.4.1 | OK | ||||
r-oldrel-windows-ix86+x86_64 | 1.4.1 | 31.00 | 70.00 | 101.00 | OK | |
r-oldrel-osx-x86_64 | 1.4.1 | OK |
Version: 1.4.1
Check: for non-standard things in the check directory
Result: NOTE
Found the following files/directories:
'm.kvh' 'test.kvh'
Flavors: r-devel-linux-x86_64-debian-clang, r-devel-linux-x86_64-debian-gcc, r-devel-linux-x86_64-fedora-clang, r-devel-linux-x86_64-fedora-gcc, r-patched-linux-x86_64, r-patched-solaris-x86