CRAN Package Check Results for Package knitrProgressBar

Last updated on 2020-04-25 01:53:05 CEST.

Flavor Version Tinstall Tcheck Ttotal Status Flags
r-devel-linux-x86_64-debian-clang 1.1.0 4.74 28.58 33.32 NOTE
r-devel-linux-x86_64-debian-gcc 1.1.0 3.78 22.79 26.57 NOTE
r-devel-linux-x86_64-fedora-clang 1.1.0 41.41 NOTE
r-devel-linux-x86_64-fedora-gcc 1.1.0 41.94 NOTE
r-devel-windows-ix86+x86_64 1.1.0 12.00 50.00 62.00 OK
r-patched-linux-x86_64 1.1.0 3.60 28.34 31.94 NOTE
r-patched-osx-x86_64 1.1.0 OK
r-patched-solaris-x86 1.1.0 60.90 NOTE
r-release-linux-x86_64 1.1.0 3.80 26.16 29.96 OK
r-release-windows-ix86+x86_64 1.1.0 10.00 56.00 66.00 OK
r-release-osx-x86_64 1.1.0 OK
r-oldrel-windows-ix86+x86_64 1.1.0 4.00 45.00 49.00 OK
r-oldrel-osx-x86_64 1.1.0 OK

Check Details

Version: 1.1.0
Check: for non-standard things in the check directory
Result: NOTE
    Found the following files/directories:
     'Killed after '
Flavors: r-devel-linux-x86_64-debian-clang, r-devel-linux-x86_64-debian-gcc, r-devel-linux-x86_64-fedora-clang, r-devel-linux-x86_64-fedora-gcc, r-patched-linux-x86_64, r-patched-solaris-x86