CRAN Package Check Results for Package klustR

Last updated on 2020-04-25 01:53:05 CEST.

Flavor Version Tinstall Tcheck Ttotal Status Flags
r-devel-linux-x86_64-debian-clang 0.1.0 2.67 25.47 28.14 OK
r-devel-linux-x86_64-debian-gcc 0.1.0 2.24 20.25 22.49 OK
r-devel-linux-x86_64-fedora-clang 0.1.0 34.79 OK
r-devel-linux-x86_64-fedora-gcc 0.1.0 34.72 OK
r-devel-windows-ix86+x86_64 0.1.0 9.00 38.00 47.00 OK
r-patched-linux-x86_64 0.1.0 2.89 25.20 28.09 OK
r-patched-osx-x86_64 0.1.0 OK
r-patched-solaris-x86 0.1.0 53.70 OK
r-release-linux-x86_64 0.1.0 2.31 23.19 25.50 OK
r-release-windows-ix86+x86_64 0.1.0 10.00 39.00 49.00 OK
r-release-osx-x86_64 0.1.0 OK
r-oldrel-osx-x86_64 0.1.0 ERROR

Check Details

Version: 0.1.0
Check: whether package can be installed
Result: ERROR
    Installation failed.
Flavor: r-oldrel-osx-x86_64