CRAN Package Check Results for Package keyATM

Last updated on 2020-04-25 01:53:05 CEST.

Flavor Version Tinstall Tcheck Ttotal Status Flags
r-devel-linux-x86_64-debian-clang 0.1.0 162.94 52.94 215.88 OK
r-devel-linux-x86_64-debian-gcc 0.1.0 105.44 41.78 147.22 OK
r-devel-linux-x86_64-fedora-clang 0.1.0 309.87 NOTE
r-devel-linux-x86_64-fedora-gcc 0.1.0 293.57 NOTE
r-devel-windows-ix86+x86_64 0.1.0 437.00 101.00 538.00 OK
r-patched-linux-x86_64 0.1.0 134.80 52.51 187.31 OK
r-patched-osx-x86_64 0.1.0 NOTE
r-patched-solaris-x86 0.1.0 271.50 NOTE
r-release-linux-x86_64 0.1.0 128.76 48.40 177.16 OK
r-release-windows-ix86+x86_64 0.1.0 390.00 119.00 509.00 OK
r-release-osx-x86_64 0.1.0 NOTE
r-oldrel-windows-ix86+x86_64 0.1.0 272.00 87.00 359.00 OK

Check Details

Version: 0.1.0
Check: installed package size
Result: NOTE
     installed size is 11.2Mb
     sub-directories of 1Mb or more:
     libs 10.8Mb
Flavors: r-devel-linux-x86_64-fedora-clang, r-patched-osx-x86_64, r-release-osx-x86_64

Version: 0.1.0
Check: dependencies in R code
Result: NOTE
    Namespace in Imports field not imported from: ‘quanteda’
     All declared Imports should be used.
Flavors: r-devel-linux-x86_64-fedora-clang, r-devel-linux-x86_64-fedora-gcc, r-patched-osx-x86_64, r-patched-solaris-x86, r-release-osx-x86_64