CRAN Package Check Results for Package kernelTDA

Last updated on 2020-04-25 01:53:05 CEST.

Flavor Version Tinstall Tcheck Ttotal Status Flags
r-devel-linux-x86_64-debian-clang 1.0.0 62.80 30.93 93.73 OK
r-devel-linux-x86_64-debian-gcc 1.0.0 44.81 25.33 70.14 OK
r-devel-linux-x86_64-fedora-clang 1.0.0 137.51 NOTE
r-devel-linux-x86_64-fedora-gcc 1.0.0 127.87 OK
r-devel-windows-ix86+x86_64 1.0.0 166.00 71.00 237.00 OK
r-patched-linux-x86_64 1.0.0 56.28 31.60 87.88 OK
r-patched-osx-x86_64 1.0.0 NOTE
r-patched-solaris-x86 1.0.0 129.80 OK
r-release-linux-x86_64 1.0.0 55.25 29.17 84.42 OK
r-release-windows-ix86+x86_64 1.0.0 138.00 63.00 201.00 OK
r-release-osx-x86_64 1.0.0 NOTE
r-oldrel-windows-ix86+x86_64 1.0.0 100.00 55.00 155.00 OK
r-oldrel-osx-x86_64 0.1.1 NOTE

Check Details

Version: 1.0.0
Check: installed package size
Result: NOTE
     installed size is 10.2Mb
     sub-directories of 1Mb or more:
     libs 10.0Mb
Flavors: r-devel-linux-x86_64-fedora-clang, r-patched-osx-x86_64, r-release-osx-x86_64

Version: 0.1.1
Check: installed package size
Result: NOTE
     installed size is 10.8Mb
     sub-directories of 1Mb or more:
     libs 10.4Mb
Flavor: r-oldrel-osx-x86_64