CRAN Package Check Results for Package kernDeepStackNet

Last updated on 2020-04-25 01:53:05 CEST.

Flavor Version Tinstall Tcheck Ttotal Status Flags
r-devel-linux-x86_64-debian-clang 2.0.2 55.43 179.13 234.56 OK
r-devel-linux-x86_64-debian-gcc 2.0.2 37.70 135.70 173.40 OK
r-devel-linux-x86_64-fedora-clang 2.0.2 290.33 NOTE
r-devel-linux-x86_64-fedora-gcc 2.0.2 296.04 OK
r-devel-windows-ix86+x86_64 2.0.2 160.00 289.00 449.00 OK
r-patched-linux-x86_64 2.0.2 44.58 174.36 218.94 OK
r-patched-osx-x86_64 2.0.2 NOTE
r-patched-solaris-x86 2.0.2 351.60 OK
r-release-linux-x86_64 2.0.2 41.87 158.04 199.91 OK
r-release-windows-ix86+x86_64 2.0.2 139.00 260.00 399.00 OK
r-release-osx-x86_64 2.0.2 NOTE
r-oldrel-windows-ix86+x86_64 2.0.2 73.00 333.00 406.00 OK
r-oldrel-osx-x86_64 2.0.2 NOTE

Check Details

Version: 2.0.2
Check: installed package size
Result: NOTE
     installed size is 5.5Mb
     sub-directories of 1Mb or more:
     libs 5.1Mb
Flavors: r-devel-linux-x86_64-fedora-clang, r-patched-osx-x86_64, r-release-osx-x86_64, r-oldrel-osx-x86_64