CRAN Package Check Results for Package kendallRandomWalks

Last updated on 2020-04-25 01:53:05 CEST.

Flavor Version Tinstall Tcheck Ttotal Status Flags
r-devel-linux-x86_64-debian-clang 0.9.4 6.30 142.22 148.52 OK
r-devel-linux-x86_64-debian-gcc 0.9.4 4.91 102.72 107.63 OK
r-devel-linux-x86_64-fedora-clang 0.9.4 174.97 OK
r-devel-linux-x86_64-fedora-gcc 0.9.4 186.42 OK
r-devel-windows-ix86+x86_64 0.9.4 21.00 140.00 161.00 OK
r-patched-linux-x86_64 0.9.4 5.76 138.69 144.45 OK
r-patched-osx-x86_64 0.9.4 WARN
r-patched-solaris-x86 0.9.4 226.80 OK
r-release-linux-x86_64 0.9.4 4.42 126.71 131.13 OK
r-release-windows-ix86+x86_64 0.9.4 18.00 178.00 196.00 OK
r-release-osx-x86_64 0.9.4 OK
r-oldrel-windows-ix86+x86_64 0.9.4 8.00 138.00 146.00 OK
r-oldrel-osx-x86_64 0.9.4 OK

Check Details

Version: 0.9.4
Check: re-building of vignette outputs
Result: WARN
    Error(s) in re-building vignettes:
    --- re-building ‘behaviour.Rmd’ using rmarkdown
    
    Attaching package: 'dplyr'
    
    The following objects are masked from 'package:stats':
    
     filter, lag
    
    The following objects are masked from 'package:base':
    
     intersect, setdiff, setequal, union
    
    Warning: Removed 1 row(s) containing missing values (geom_path).
    Warning: Removed 1 row(s) containing missing values (geom_path).
    dyld: lazy symbol binding failed: Symbol not found: ____chkstk_darwin
     Referenced from: /usr/local/bin/pandoc (which was built for Mac OS X 10.15)
     Expected in: /usr/lib/libSystem.B.dylib
    
    dyld: Symbol not found: ____chkstk_darwin
     Referenced from: /usr/local/bin/pandoc (which was built for Mac OS X 10.15)
     Expected in: /usr/lib/libSystem.B.dylib
    
    Error: processing vignette 'behaviour.Rmd' failed with diagnostics:
    pandoc document conversion failed with error 6
    --- failed re-building ‘behaviour.Rmd’
    
    --- re-building ‘kendall_rws.Rmd’ using rmarkdown
    dyld: lazy symbol binding failed: Symbol not found: ____chkstk_darwin
     Referenced from: /usr/local/bin/pandoc (which was built for Mac OS X 10.15)
     Expected in: /usr/lib/libSystem.B.dylib
    
    dyld: Symbol not found: ____chkstk_darwin
     Referenced from: /usr/local/bin/pandoc (which was built for Mac OS X 10.15)
     Expected in: /usr/lib/libSystem.B.dylib
    
    Error: processing vignette 'kendall_rws.Rmd' failed with diagnostics:
    pandoc document conversion failed with error 6
    --- failed re-building ‘kendall_rws.Rmd’
    
    SUMMARY: processing the following files failed:
     ‘behaviour.Rmd’ ‘kendall_rws.Rmd’
    
    Error: Vignette re-building failed.
    Execution halted
Flavor: r-patched-osx-x86_64