Last updated on 2020-04-25 01:53:05 CEST.
Flavor | Version | Tinstall | Tcheck | Ttotal | Status | Flags |
---|---|---|---|---|---|---|
r-devel-linux-x86_64-debian-clang | 1.0.2 | 48.31 | 29.11 | 77.42 | OK | |
r-devel-linux-x86_64-debian-gcc | 1.0.2 | 35.78 | 23.78 | 59.56 | OK | |
r-devel-linux-x86_64-fedora-clang | 1.0.2 | 109.04 | NOTE | |||
r-devel-linux-x86_64-fedora-gcc | 1.0.2 | 103.14 | OK | |||
r-devel-windows-ix86+x86_64 | 1.0.2 | 114.00 | 74.00 | 188.00 | OK | |
r-patched-linux-x86_64 | 1.0.2 | 42.08 | 29.61 | 71.69 | OK | |
r-patched-osx-x86_64 | 1.0.2 | NOTE | ||||
r-patched-solaris-x86 | 1.0.2 | 100.30 | OK | |||
r-release-linux-x86_64 | 1.0.2 | 39.04 | 27.10 | 66.14 | OK | |
r-release-windows-ix86+x86_64 | 1.0.2 | 100.00 | 59.00 | 159.00 | OK | |
r-release-osx-x86_64 | 1.0.2 | NOTE | ||||
r-oldrel-windows-ix86+x86_64 | 1.0.2 | 68.00 | 75.00 | 143.00 | OK | |
r-oldrel-osx-x86_64 | 1.0.2 | NOTE |
Version: 1.0.2
Check: installed package size
Result: NOTE
installed size is 14.5Mb
sub-directories of 1Mb or more:
libs 14.3Mb
Flavors: r-devel-linux-x86_64-fedora-clang, r-patched-osx-x86_64, r-release-osx-x86_64, r-oldrel-osx-x86_64