CRAN Package Check Results for Package kangar00

Last updated on 2020-04-25 01:53:05 CEST.

Flavor Version Tinstall Tcheck Ttotal Status Flags
r-devel-linux-x86_64-debian-clang 1.4 21.43 184.55 205.98 OK
r-devel-linux-x86_64-debian-gcc 1.4 19.62 140.58 160.20 OK
r-devel-linux-x86_64-fedora-clang 1.4 262.10 OK
r-devel-linux-x86_64-fedora-gcc 1.4 260.47 OK
r-devel-windows-ix86+x86_64 1.4 64.00 181.00 245.00 OK
r-patched-linux-x86_64 1.4 21.10 177.08 198.18 OK
r-patched-osx-x86_64 1.4 ERROR
r-patched-solaris-x86 1.4 393.00 OK
r-release-linux-x86_64 1.4 17.32 158.20 175.52 OK
r-release-windows-ix86+x86_64 1.4 56.00 152.00 208.00 OK
r-release-osx-x86_64 1.4 OK
r-oldrel-windows-ix86+x86_64 1.4 20.00 184.00 204.00 OK
r-oldrel-osx-x86_64 1.4 OK

Check Details

Version: 1.4
Check: package dependencies
Result: ERROR
    Package required but not available: ‘KEGGgraph’
    
    See section ‘The DESCRIPTION file’ in the ‘Writing R Extensions’
    manual.
Flavor: r-patched-osx-x86_64